CRAN Package Check Results for Package Scalelink

Last updated on 2022-01-22 07:52:57 CET.

Flavor Version Tinstall Tcheck Ttotal Status Flags
r-devel-linux-x86_64-debian-clang 1.0 21.37 40.02 61.39 NOTE
r-devel-linux-x86_64-debian-gcc 1.0 13.64 30.77 44.41 NOTE
r-devel-linux-x86_64-fedora-clang 1.0 84.09 NOTE
r-devel-linux-x86_64-fedora-gcc 1.0 67.01 NOTE
r-devel-windows-x86_64-new-UL 1.0 42.00 78.00 120.00 NOTE
r-devel-windows-x86_64-new-TK 1.0 NOTE
r-patched-linux-x86_64 1.0 18.53 37.81 56.34 NOTE
r-release-linux-x86_64 1.0 16.71 38.99 55.70 NOTE
r-release-macos-arm64 1.0 NOTE
r-release-macos-x86_64 1.0 NOTE
r-release-windows-ix86+x86_64 1.0 55.00 81.00 136.00 NOTE
r-oldrel-macos-x86_64 1.0 NOTE
r-oldrel-windows-ix86+x86_64 1.0 54.00 83.00 137.00 NOTE

Check Details

Version: 1.0
Check: for GNU extensions in Makefiles
Result: NOTE
    GNU make is a SystemRequirements.
Flavors: r-devel-linux-x86_64-debian-clang, r-devel-linux-x86_64-debian-gcc, r-devel-linux-x86_64-fedora-clang, r-devel-linux-x86_64-fedora-gcc, r-devel-windows-x86_64-new-UL, r-devel-windows-x86_64-new-TK, r-patched-linux-x86_64, r-release-linux-x86_64, r-release-macos-arm64, r-release-macos-x86_64, r-release-windows-ix86+x86_64, r-oldrel-macos-x86_64, r-oldrel-windows-ix86+x86_64