CRAN Package Check Results for Package SemNetDictionaries

Last updated on 2021-11-30 23:51:52 CET.

Flavor Version Tinstall Tcheck Ttotal Status Flags
r-devel-linux-x86_64-debian-clang 0.1.9 3.86 33.85 37.71 OK
r-devel-linux-x86_64-debian-gcc 0.1.9 3.68 32.12 35.80 OK
r-devel-linux-x86_64-fedora-clang 0.1.9 61.48 NOTE
r-devel-linux-x86_64-fedora-gcc 0.1.9 48.31 NOTE
r-devel-windows-x86_64-new-UL 0.1.9 11.00 90.00 101.00 OK
r-devel-windows-x86_64-new-TK 0.1.9 NOTE
r-devel-windows-x86_64-old 0.1.9 7.00 47.00 54.00 OK
r-patched-linux-x86_64 0.1.9 5.31 33.47 38.78 OK
r-patched-solaris-x86 0.1.9 75.20 NOTE
r-release-linux-x86_64 0.1.9 4.44 34.27 38.71 OK
r-release-macos-arm64 0.1.9 NOTE
r-release-macos-x86_64 0.1.9 NOTE
r-release-windows-ix86+x86_64 0.1.9 9.00 58.00 67.00 OK
r-oldrel-macos-x86_64 0.1.9 NOTE
r-oldrel-windows-ix86+x86_64 0.1.9 6.00 46.00 52.00 OK

Check Details

Version: 0.1.9
Check: dependencies in R code
Result: NOTE
    Namespace in Imports field not imported from: ‘knitr’
     All declared Imports should be used.
Flavors: r-devel-linux-x86_64-fedora-clang, r-devel-linux-x86_64-fedora-gcc, r-devel-windows-x86_64-new-TK, r-patched-solaris-x86, r-release-macos-arm64, r-release-macos-x86_64, r-oldrel-macos-x86_64

Version: 0.1.9
Check: Rd cross-references
Result: NOTE
    Undeclared package ‘SemNetCleaner’ in Rd xrefs
Flavor: r-devel-linux-x86_64-fedora-clang