CRAN Package Check Results for Package Semblance

Last updated on 2024-06-23 08:51:21 CEST.

Flavor Version Tinstall Tcheck Ttotal Status Flags
r-devel-linux-x86_64-debian-clang 1.1.0 9.37 99.09 108.46 NOTE
r-devel-linux-x86_64-debian-gcc 1.1.0 8.67 71.91 80.58 NOTE
r-devel-linux-x86_64-fedora-clang 1.1.0 137.63 NOTE
r-devel-linux-x86_64-fedora-gcc 1.1.0 128.98 NOTE
r-devel-windows-x86_64 1.1.0 11.00 82.00 93.00 NOTE
r-patched-linux-x86_64 1.1.0 10.54 94.99 105.53 NOTE
r-release-linux-x86_64 1.1.0 7.30 95.45 102.75 NOTE
r-release-macos-arm64 1.1.0 44.00 NOTE
r-release-macos-x86_64 1.1.0 60.00 NOTE
r-release-windows-x86_64 1.1.0 11.00 82.00 93.00 NOTE
r-oldrel-macos-arm64 1.1.0 47.00 NOTE
r-oldrel-macos-x86_64 1.1.0 76.00 NOTE
r-oldrel-windows-x86_64 1.1.0 14.00 100.00 114.00 NOTE

Check Details

Version: 1.1.0
Check: LazyData
Result: NOTE 'LazyData' is specified without a 'data' directory Flavors: r-devel-linux-x86_64-debian-clang, r-devel-linux-x86_64-debian-gcc, r-devel-linux-x86_64-fedora-clang, r-devel-linux-x86_64-fedora-gcc, r-devel-windows-x86_64, r-patched-linux-x86_64, r-release-linux-x86_64, r-release-macos-arm64, r-release-macos-x86_64, r-release-windows-x86_64, r-oldrel-macos-arm64, r-oldrel-macos-x86_64, r-oldrel-windows-x86_64