Last updated on 2023-03-23 11:59:53 CET.
Flavor | Version | Tinstall | Tcheck | Ttotal | Status | Flags |
---|---|---|---|---|---|---|
r-devel-linux-x86_64-debian-clang | 0.0.8 | 35.48 | 49.06 | 84.54 | OK | |
r-devel-linux-x86_64-debian-gcc | 0.0.8 | 28.03 | 37.59 | 65.62 | OK | |
r-devel-linux-x86_64-fedora-clang | 0.0.8 | 131.52 | OK | |||
r-devel-linux-x86_64-fedora-gcc | 0.0.8 | 125.09 | OK | |||
r-devel-windows-x86_64 | 0.0.8 | 47.00 | 104.00 | 151.00 | NOTE | |
r-patched-linux-x86_64 | 0.0.8 | 31.99 | 48.79 | 80.78 | OK | |
r-release-linux-x86_64 | 0.0.8 | 24.34 | 49.24 | 73.58 | OK | |
r-release-macos-arm64 | 0.0.8 | 37.00 | OK | |||
r-release-macos-x86_64 | 0.0.8 | 47.00 | OK | |||
r-release-windows-x86_64 | 0.0.8 | 59.00 | 112.00 | 171.00 | NOTE | |
r-oldrel-macos-arm64 | 0.0.8 | 39.00 | OK | |||
r-oldrel-macos-x86_64 | 0.0.8 | 62.00 | OK | |||
r-oldrel-windows-ix86+x86_64 | 0.0.8 | 90.00 | 130.00 | 220.00 | NOTE |
Version: 0.0.8
Check: package dependencies
Result: NOTE
Package suggested but not available for checking: 'doMC'
Flavors: r-devel-windows-x86_64, r-release-windows-x86_64, r-oldrel-windows-ix86+x86_64