CRAN Package Check Results for Package Seurat

Last updated on 2021-10-16 13:04:11 CEST.

Flavor Version Tinstall Tcheck Ttotal Status Flags
r-devel-linux-x86_64-debian-clang 4.0.4 115.61 383.98 499.59 OK
r-devel-linux-x86_64-debian-gcc 4.0.4 91.13 280.38 371.51 OK
r-devel-linux-x86_64-fedora-clang 4.0.4 681.92 NOTE
r-devel-linux-x86_64-fedora-gcc 4.0.4 653.85 OK
r-devel-windows-x86_64 4.0.4 161.00 358.00 519.00 OK
r-devel-windows-x86_64-gcc10-UCRT 4.0.4 NOTE
r-patched-linux-x86_64 4.0.4 117.70 367.79 485.49 OK
r-patched-solaris-x86 4.0.4 690.00 ERROR
r-release-linux-x86_64 4.0.4 111.64 365.70 477.34 OK
r-release-macos-arm64 4.0.4 NOTE
r-release-macos-x86_64 4.0.4 NOTE
r-release-windows-ix86+x86_64 4.0.4 281.00 702.00 983.00 OK
r-oldrel-macos-x86_64 4.0.4 NOTE
r-oldrel-windows-ix86+x86_64 4.0.4 197.00 9.00 206.00 ERROR

Additional issues

noSuggests

Check Details

Version: 4.0.4
Check: package dependencies
Result: NOTE
    Imports includes 41 non-default packages.
    Importing from so many packages makes the package vulnerable to any of
    them becoming unavailable. Move as many as possible to Suggests and
    use conditionally.
Flavor: r-devel-linux-x86_64-fedora-clang

Version: 4.0.4
Check: installed package size
Result: NOTE
     installed size is 9.0Mb
     sub-directories of 1Mb or more:
     R 1.3Mb
     libs 7.0Mb
Flavors: r-devel-linux-x86_64-fedora-clang, r-release-macos-arm64, r-release-macos-x86_64, r-oldrel-macos-x86_64

Version: 4.0.4
Check: Rd cross-references
Result: NOTE
    Undeclared package ‘Signac’ in Rd xrefs
Flavor: r-devel-linux-x86_64-fedora-clang

Version: 4.0.4
Check: package dependencies
Result: NOTE
    Package suggested but not available for checking: 'DESeq2'
Flavor: r-devel-windows-x86_64-gcc10-UCRT

Version: 4.0.4
Check: package dependencies
Result: NOTE
    Package suggested but not available for checking: ‘monocle’
Flavor: r-patched-solaris-x86

Version: 4.0.4
Check: tests
Result: ERROR
     Running ‘testthat.R’ [113s/123s]
    Running the tests in ‘tests/testthat.R’ failed.
    Complete output:
     > library(testthat)
     > library(Seurat)
     Attaching SeuratObject
     >
     > test_check("Seurat")
     ══ Skipped tests ═══════════════════════════════════════════════════════════════
     • On CRAN (19)
    
     ══ Failed tests ════════════════════════════════════════════════════════════════
     ── Error (test_load_10X.R:34:1): (code run outside of `test_that()`) ───────────
     Error in `self$read_low_level(file_space = self_space_id, mem_space = mem_space_id,
     dataset_xfer_pl = dataset_xfer_pl, set_dim = TRUE, dim_to_set = dim_to_set,
     drop = drop)`: HDF5-API Errors:
     error #000: H5T.c in H5Tget_class(): line 1876: not a datatype
     class: HDF5
     major: Invalid arguments to routine
     minor: Inappropriate type
    
     Backtrace:
     █
     1. └─Seurat::Load10X_Spatial(data.dir = "../testdata/visium") test_load_10X.R:34:0
     2. └─Seurat::Read10X_h5(...)
     3. ├─infile[[paste0(genome, "/", feature_slot)]][]
     4. └─hdf5r:::`[.H5D`(...)
     5. └─x$read(...)
     6. └─self$read_low_level(...)
    
     [ FAIL 1 | WARN 9 | SKIP 19 | PASS 587 ]
     Error: Test failures
     Execution halted
Flavor: r-patched-solaris-x86

Version: 4.0.4
Check: package dependencies
Result: NOTE
    Packages suggested but not available for checking:
     'SummarizedExperiment', 'SingleCellExperiment', 'MAST', 'DESeq2',
     'GenomicRanges', 'rtracklayer', 'monocle'
Flavor: r-release-macos-arm64

Version: 4.0.4
Check: Rd cross-references
Result: NOTE
    Package unavailable to check Rd xrefs: ‘Signac’
Flavor: r-release-macos-arm64

Version: 4.0.4
Check: package dependencies
Result: NOTE
    Packages suggested but not available for checking: 'MAST', 'monocle'
Flavors: r-release-macos-x86_64, r-oldrel-macos-x86_64

Version: 4.0.4
Check: dependencies in R code
Result: NOTE
    Missing or unexported objects:
     ‘SingleCellExperiment::mainExpName’
     ‘SingleCellExperiment::mainExpName<-’
Flavor: r-oldrel-macos-x86_64

Version: 4.0.4
Check: whether package can be installed
Result: ERROR
    Installation failed.
Flavor: r-oldrel-windows-ix86+x86_64