Last updated on 2023-03-23 07:54:40 CET.
Flavor | Version | Tinstall | Tcheck | Ttotal | Status | Flags |
---|---|---|---|---|---|---|
r-devel-linux-x86_64-debian-clang | 1.4.0 | 31.97 | 36.72 | 68.69 | NOTE | |
r-devel-linux-x86_64-debian-gcc | 1.4.0 | 23.42 | 27.68 | 51.10 | NOTE | |
r-devel-linux-x86_64-fedora-clang | 1.4.0 | 103.39 | NOTE | |||
r-devel-linux-x86_64-fedora-gcc | 1.4.0 | 89.87 | NOTE | |||
r-devel-windows-x86_64 | 1.4.0 | 40.00 | 88.00 | 128.00 | NOTE | |
r-patched-linux-x86_64 | 1.4.0 | 29.31 | 35.02 | 64.33 | OK | |
r-release-linux-x86_64 | 1.4.0 | 27.58 | 34.68 | 62.26 | OK | |
r-release-macos-arm64 | 1.4.0 | 29.00 | OK | |||
r-release-macos-x86_64 | 1.4.0 | 37.00 | OK | |||
r-release-windows-x86_64 | 1.4.0 | 44.00 | 113.00 | 157.00 | OK | |
r-oldrel-macos-arm64 | 1.4.0 | 33.00 | OK | |||
r-oldrel-macos-x86_64 | 1.4.0 | 53.00 | OK | |||
r-oldrel-windows-ix86+x86_64 | 1.4.0 | 78.00 | 101.00 | 179.00 | OK |
Version: 1.4.0
Check: C++ specification
Result: NOTE
Specified C++11: please drop specification unless essential
Flavors: r-devel-linux-x86_64-debian-clang, r-devel-linux-x86_64-debian-gcc, r-devel-linux-x86_64-fedora-clang, r-devel-linux-x86_64-fedora-gcc, r-devel-windows-x86_64