Last updated on 2023-03-23 23:52:04 CET.
Flavor | Version | Tinstall | Tcheck | Ttotal | Status | Flags |
---|---|---|---|---|---|---|
r-devel-linux-x86_64-debian-clang | 0.3.9 | 88.50 | 41.00 | 129.50 | NOTE | |
r-devel-linux-x86_64-debian-gcc | 0.3.9 | 67.65 | 33.31 | 100.96 | NOTE | |
r-devel-linux-x86_64-fedora-clang | 0.3.9 | 185.97 | NOTE | |||
r-devel-linux-x86_64-fedora-gcc | 0.3.9 | 190.71 | NOTE | |||
r-devel-windows-x86_64 | 0.3.9 | 81.00 | 96.00 | 177.00 | NOTE | |
r-patched-linux-x86_64 | 0.3.9 | 69.49 | 41.18 | 110.67 | NOTE | |
r-release-linux-x86_64 | 0.3.9 | 69.94 | 40.62 | 110.56 | NOTE | |
r-release-macos-arm64 | 0.3.9 | 50.00 | NOTE | |||
r-release-macos-x86_64 | 0.3.9 | 66.00 | NOTE | |||
r-release-windows-x86_64 | 0.3.9 | 70.00 | 134.00 | 204.00 | NOTE | |
r-oldrel-macos-arm64 | 0.3.9 | 50.00 | NOTE | |||
r-oldrel-macos-x86_64 | 0.3.9 | 67.00 | NOTE | |||
r-oldrel-windows-ix86+x86_64 | 0.3.9 | 185.00 | 102.00 | 287.00 | NOTE |
Version: 0.3.9
Check: C++ specification
Result: NOTE
Specified C++11: please drop specification unless essential
Flavors: r-devel-linux-x86_64-debian-clang, r-devel-linux-x86_64-debian-gcc, r-devel-linux-x86_64-fedora-clang, r-devel-linux-x86_64-fedora-gcc, r-devel-windows-x86_64
Version: 0.3.9
Check: for GNU extensions in Makefiles
Result: NOTE
GNU make is a SystemRequirements.
Flavors: r-devel-linux-x86_64-debian-clang, r-devel-linux-x86_64-debian-gcc, r-devel-linux-x86_64-fedora-clang, r-devel-linux-x86_64-fedora-gcc, r-devel-windows-x86_64, r-patched-linux-x86_64, r-release-linux-x86_64, r-release-macos-arm64, r-release-macos-x86_64, r-release-windows-x86_64, r-oldrel-macos-arm64, r-oldrel-macos-x86_64, r-oldrel-windows-ix86+x86_64
Version: 0.3.9
Check: installed package size
Result: NOTE
installed size is 5.7Mb
sub-directories of 1Mb or more:
libs 5.3Mb
Flavors: r-release-macos-arm64, r-release-macos-x86_64, r-oldrel-macos-arm64, r-oldrel-macos-x86_64