CRAN Package Check Results for Package SimilaR

Last updated on 2021-11-28 19:49:06 CET.

Flavor Version Tinstall Tcheck Ttotal Status Flags
r-devel-linux-x86_64-debian-clang 1.0.8 OK
r-devel-linux-x86_64-debian-gcc 1.0.8 70.48 25.97 96.45 OK
r-devel-linux-x86_64-fedora-clang 1.0.8 218.46 NOTE
r-devel-linux-x86_64-fedora-gcc 1.0.8 188.91 OK
r-devel-windows-x86_64-new-UL 1.0.8 137.00 96.00 233.00 OK
r-devel-windows-x86_64-new-TK 1.0.8 OK
r-devel-windows-x86_64-old 1.0.8 102.00 73.00 175.00 OK
r-patched-linux-x86_64 1.0.8 89.79 31.23 121.02 OK
r-patched-solaris-x86 1.0.8 178.50 OK
r-release-linux-x86_64 1.0.8 86.53 31.08 117.61 OK
r-release-macos-arm64 1.0.8 NOTE
r-release-macos-x86_64 1.0.8 NOTE
r-release-windows-ix86+x86_64 1.0.8 251.00 62.00 313.00 OK
r-oldrel-macos-x86_64 1.0.8 NOTE
r-oldrel-windows-ix86+x86_64 1.0.8 190.00 83.00 273.00 OK

Check Details

Version: 1.0.8
Check: installed package size
Result: NOTE
     installed size is 5.2Mb
     sub-directories of 1Mb or more:
     libs 5.0Mb
Flavors: r-devel-linux-x86_64-fedora-clang, r-release-macos-arm64, r-release-macos-x86_64, r-oldrel-macos-x86_64