CRAN Package Check Results for Package SpaDES.addins

Last updated on 2021-11-29 07:51:24 CET.

Flavor Version Tinstall Tcheck Ttotal Status Flags
r-devel-linux-x86_64-debian-clang 0.1.3 OK
r-devel-linux-x86_64-debian-gcc 0.1.3 21.41 210.19 231.60 OK
r-devel-linux-x86_64-fedora-clang 0.1.3 405.12 NOTE
r-devel-linux-x86_64-fedora-gcc 0.1.3 370.06 NOTE
r-devel-windows-x86_64-new-UL 0.1.3 50.00 349.00 399.00 OK
r-devel-windows-x86_64-new-TK 0.1.3 NOTE
r-devel-windows-x86_64-old 0.1.3 40.00 217.00 257.00 OK
r-patched-linux-x86_64 0.1.3 28.97 267.15 296.12 OK
r-patched-solaris-x86 0.1.3 496.90 NOTE
r-release-linux-x86_64 0.1.3 30.78 265.83 296.61 OK
r-release-macos-arm64 0.1.3 NOTE
r-release-macos-x86_64 0.1.3 NOTE
r-release-windows-ix86+x86_64 0.1.3 73.00 300.00 373.00 OK
r-oldrel-macos-x86_64 0.1.3 NOTE
r-oldrel-windows-ix86+x86_64 0.1.3 79.00 310.00 389.00 OK

Check Details

Version: 0.1.3
Check: dependencies in R code
Result: NOTE
    Namespaces in Imports field not imported from:
     ‘devtools’ ‘rstudioapi’
     All declared Imports should be used.
Flavors: r-devel-linux-x86_64-fedora-clang, r-devel-linux-x86_64-fedora-gcc, r-devel-windows-x86_64-new-TK, r-patched-solaris-x86, r-release-macos-arm64, r-release-macos-x86_64, r-oldrel-macos-x86_64