CRAN Package Check Results for Package SpaceTimeBSS

Last updated on 2024-04-20 00:56:25 CEST.

Flavor Version Tinstall Tcheck Ttotal Status Flags
r-devel-linux-x86_64-debian-clang 0.3-0 57.54 90.71 148.25 WARN
r-devel-linux-x86_64-debian-gcc 0.3-0 NOTE
r-devel-linux-x86_64-fedora-clang 0.3-0 200.77 NOTE
r-devel-linux-x86_64-fedora-gcc 0.3-0 200.23 NOTE
r-prerel-macos-arm64 0.3-0 49.00 NOTE
r-prerel-windows-x86_64 0.3-0 45.00 102.00 147.00 NOTE
r-patched-linux-x86_64 0.3-0 57.54 85.90 143.44 NOTE
r-release-linux-x86_64 0.3-0 56.38 87.41 143.79 OK
r-release-macos-arm64 0.3-0 48.00 NOTE
r-release-macos-x86_64 0.3-0 79.00 NOTE
r-release-windows-x86_64 0.3-0 57.00 125.00 182.00 OK
r-oldrel-macos-arm64 0.3-0 50.00 NOTE
r-oldrel-windows-x86_64 0.3-0 54.00 124.00 178.00 OK

Check Details

Version: 0.3-0
Check: whether package can be installed
Result: WARN Found the following significant warnings: lacov.cpp:56:13: warning: using integer absolute value function 'abs' when argument is of floating point type [-Wabsolute-value] lacov.cpp:89:13: warning: using integer absolute value function 'abs' when argument is of floating point type [-Wabsolute-value] lacov.cpp:126:13: warning: using integer absolute value function 'abs' when argument is of floating point type [-Wabsolute-value] stkmat.cpp:27:13: warning: using integer absolute value function 'abs' when argument is of floating point type [-Wabsolute-value] stkmat.cpp:52:13: warning: using integer absolute value function 'abs' when argument is of floating point type [-Wabsolute-value] stkmat.cpp:77:13: warning: using integer absolute value function 'abs' when argument is of floating point type [-Wabsolute-value] See ‘/home/hornik/tmp/R.check/r-devel-clang/Work/PKGS/SpaceTimeBSS.Rcheck/00install.out’ for details. * used C++ compiler: ‘Debian clang version 18.1.0 (rc4-1)’ Flavor: r-devel-linux-x86_64-debian-clang

Version: 0.3-0
Check: Rd files
Result: NOTE checkRd: (-1) SpaceTimeBSS-package.Rd:23: Lost braces in \itemize; meant \describe ? Flavors: r-devel-linux-x86_64-debian-clang, r-devel-linux-x86_64-debian-gcc, r-devel-linux-x86_64-fedora-clang, r-devel-linux-x86_64-fedora-gcc, r-prerel-macos-arm64, r-prerel-windows-x86_64, r-patched-linux-x86_64

Version: 0.3-0
Check: installed package size
Result: NOTE installed size is 5.1Mb sub-directories of 1Mb or more: data 2.4Mb libs 2.6Mb Flavors: r-prerel-macos-arm64, r-release-macos-arm64, r-release-macos-x86_64, r-oldrel-macos-arm64