CRAN Package Check Results for Package SparseBiplots

Last updated on 2024-03-03 04:12:34 CET.

Flavor Version Tinstall Tcheck Ttotal Status Flags
r-devel-linux-x86_64-debian-clang 4.0.1 12.21 93.63 105.84 OK
r-devel-linux-x86_64-debian-gcc 4.0.1 7.74 71.73 79.47 OK
r-devel-linux-x86_64-fedora-clang 4.0.1 131.93 NOTE
r-devel-linux-x86_64-fedora-gcc 4.0.1 123.67 NOTE
r-devel-windows-x86_64 4.0.1 10.00 82.00 92.00 OK
r-patched-linux-x86_64 4.0.1 12.69 93.20 105.89 OK
r-release-linux-x86_64 4.0.1 6.88 92.21 99.09 OK
r-release-macos-arm64 4.0.1 45.00 OK
r-release-macos-x86_64 4.0.1 82.00 OK
r-release-windows-x86_64 4.0.1 12.00 103.00 115.00 OK
r-oldrel-macos-arm64 4.0.1 38.00 NOTE
r-oldrel-windows-x86_64 4.0.1 13.00 104.00 117.00 OK

Check Details

Version: 4.0.1
Check: dependencies in R code
Result: NOTE Namespaces in Imports field not imported from: ‘gtable’ ‘rlang’ ‘testthat’ All declared Imports should be used. Flavors: r-devel-linux-x86_64-fedora-clang, r-devel-linux-x86_64-fedora-gcc, r-oldrel-macos-arm64