CRAN Package Check Results for Package SparseMDC

Last updated on 2024-03-05 08:18:41 CET.

Flavor Version Tinstall Tcheck Ttotal Status Flags
r-devel-linux-x86_64-debian-clang 0.99.5 4.13 97.63 101.76 NOTE
r-devel-linux-x86_64-debian-gcc 0.99.5 4.49 75.80 80.29 NOTE
r-devel-linux-x86_64-fedora-clang 0.99.5 130.88 NOTE
r-devel-linux-x86_64-fedora-gcc 0.99.5 143.38 NOTE
r-devel-windows-x86_64 0.99.5 6.00 145.00 151.00 NOTE
r-patched-linux-x86_64 0.99.5 5.99 97.03 103.02 OK
r-release-linux-x86_64 0.99.5 4.87 98.94 103.81 OK
r-release-macos-arm64 0.99.5 64.00 OK
r-release-macos-x86_64 0.99.5 134.00 OK
r-release-windows-x86_64 0.99.5 7.00 125.00 132.00 OK
r-oldrel-macos-arm64 0.99.5 53.00 OK
r-oldrel-windows-x86_64 0.99.5 8.00 128.00 136.00 OK

Check Details

Version: 0.99.5
Check: Rd files
Result: NOTE checkRd: (-1) mu_calc.Rd:32: Lost braces; missing escapes or markup? 32 | mu_{d} | mu_{d} < mu_{d-1} and mu_{d} | mu_{d} > mu_{d-1} respecitively. | ^ checkRd: (-1) mu_calc.Rd:32: Lost braces; missing escapes or markup? 32 | mu_{d} | mu_{d} < mu_{d-1} and mu_{d} | mu_{d} > mu_{d-1} respecitively. | ^ checkRd: (-1) mu_calc.Rd:32: Lost braces; missing escapes or markup? 32 | mu_{d} | mu_{d} < mu_{d-1} and mu_{d} | mu_{d} > mu_{d-1} respecitively. | ^ checkRd: (-1) mu_calc.Rd:32: Lost braces; missing escapes or markup? 32 | mu_{d} | mu_{d} < mu_{d-1} and mu_{d} | mu_{d} > mu_{d-1} respecitively. | ^ checkRd: (-1) mu_calc.Rd:32: Lost braces; missing escapes or markup? 32 | mu_{d} | mu_{d} < mu_{d-1} and mu_{d} | mu_{d} > mu_{d-1} respecitively. | ^ checkRd: (-1) mu_calc.Rd:32: Lost braces; missing escapes or markup? 32 | mu_{d} | mu_{d} < mu_{d-1} and mu_{d} | mu_{d} > mu_{d-1} respecitively. | ^ Flavors: r-devel-linux-x86_64-debian-clang, r-devel-linux-x86_64-debian-gcc, r-devel-linux-x86_64-fedora-clang, r-devel-linux-x86_64-fedora-gcc, r-devel-windows-x86_64