Last updated on 2023-03-30 20:49:25 CEST.
Flavor | Version | Tinstall | Tcheck | Ttotal | Status | Flags |
---|---|---|---|---|---|---|
r-devel-linux-x86_64-debian-clang | 0.13-0 | 71.08 | 87.22 | 158.30 | NOTE | |
r-devel-linux-x86_64-debian-gcc | 0.13-0 | 53.88 | 65.48 | 119.36 | NOTE | |
r-devel-linux-x86_64-fedora-clang | 0.13-0 | 238.35 | NOTE | |||
r-devel-linux-x86_64-fedora-gcc | 0.13-0 | 223.70 | NOTE | |||
r-devel-windows-x86_64 | 0.13-0 | 90.00 | 154.00 | 244.00 | NOTE | |
r-patched-linux-x86_64 | 0.13-0 | 60.96 | 85.20 | 146.16 | NOTE | |
r-release-linux-x86_64 | 0.13-0 | 52.11 | 85.33 | 137.44 | OK | |
r-release-macos-arm64 | 0.13-0 | 68.00 | OK | |||
r-release-macos-x86_64 | 0.13-0 | 78.00 | OK | |||
r-release-windows-x86_64 | 0.13-0 | 217.00 | 166.00 | 383.00 | OK | |
r-oldrel-macos-arm64 | 0.13-0 | 73.00 | OK | |||
r-oldrel-macos-x86_64 | 0.13-0 | 77.00 | OK | |||
r-oldrel-windows-ix86+x86_64 | 0.13-0 | 173.00 | 188.00 | 361.00 | OK |
Version: 0.13-0
Check: C++ specification
Result: NOTE
Specified C++11: please drop specification unless essential
Flavors: r-devel-linux-x86_64-debian-clang, r-devel-linux-x86_64-debian-gcc, r-devel-linux-x86_64-fedora-clang, r-devel-linux-x86_64-fedora-gcc, r-devel-windows-x86_64, r-patched-linux-x86_64