Last updated on 2023-03-23 11:59:54 CET.
Flavor | Version | Tinstall | Tcheck | Ttotal | Status | Flags |
---|---|---|---|---|---|---|
r-devel-linux-x86_64-debian-clang | 1.0.2 | 42.08 | 42.60 | 84.68 | OK | |
r-devel-linux-x86_64-debian-gcc | 1.0.2 | 31.82 | 31.46 | 63.28 | OK | |
r-devel-linux-x86_64-fedora-clang | 1.0.2 | 124.86 | OK | |||
r-devel-linux-x86_64-fedora-gcc | 1.0.2 | 112.95 | OK | |||
r-devel-windows-x86_64 | 1.0.2 | 48.00 | 87.00 | 135.00 | NOTE | |
r-patched-linux-x86_64 | 1.0.2 | 34.22 | 46.45 | 80.67 | OK | |
r-release-linux-x86_64 | 1.0.2 | 34.86 | 46.47 | 81.33 | OK | |
r-release-macos-arm64 | 1.0.2 | 36.00 | OK | |||
r-release-macos-x86_64 | 1.0.2 | 46.00 | OK | |||
r-release-windows-x86_64 | 1.0.2 | 40.00 | 108.00 | 148.00 | OK | |
r-oldrel-macos-arm64 | 1.0.2 | 45.00 | OK | |||
r-oldrel-macos-x86_64 | 1.0.2 | 67.00 | OK | |||
r-oldrel-windows-ix86+x86_64 | 1.0.2 | 94.00 | 120.00 | 214.00 | OK |
Version: 1.0.2
Check: C++ specification
Result: NOTE
Specified C++11: please drop specification unless essential
Flavor: r-devel-windows-x86_64