Last updated on 2023-03-21 07:54:24 CET.
Flavor | Version | Tinstall | Tcheck | Ttotal | Status | Flags |
---|---|---|---|---|---|---|
r-devel-linux-x86_64-debian-clang | 1.1 | NOTE | ||||
r-devel-linux-x86_64-debian-gcc | 1.1 | 27.26 | 22.10 | 49.36 | NOTE | |
r-devel-linux-x86_64-fedora-clang | 1.1 | 96.05 | NOTE | |||
r-devel-linux-x86_64-fedora-gcc | 1.1 | 84.02 | NOTE | |||
r-devel-windows-x86_64 | 1.1 | 35.00 | 75.00 | 110.00 | NOTE | |
r-patched-linux-x86_64 | 1.1 | 27.98 | 29.00 | 56.98 | OK | |
r-release-linux-x86_64 | 1.1 | 29.70 | 28.73 | 58.43 | OK | |
r-release-macos-arm64 | 1.1 | 24.00 | OK | |||
r-release-macos-x86_64 | 1.1 | 34.00 | OK | |||
r-release-windows-x86_64 | 1.1 | 35.00 | 78.00 | 113.00 | OK | |
r-oldrel-macos-arm64 | 1.1 | 23.00 | OK | |||
r-oldrel-macos-x86_64 | 1.1 | 42.00 | OK | |||
r-oldrel-windows-ix86+x86_64 | 1.1 | 81.00 | 87.00 | 168.00 | OK |
Version: 1.1
Check: C++ specification
Result: NOTE
Specified C++11: please drop specification unless essential
Flavors: r-devel-linux-x86_64-debian-clang, r-devel-linux-x86_64-debian-gcc, r-devel-linux-x86_64-fedora-clang, r-devel-linux-x86_64-fedora-gcc, r-devel-windows-x86_64