CRAN Package Check Results for Package StMoSim

Last updated on 2023-03-27 20:52:29 CEST.

Flavor Version Tinstall Tcheck Ttotal Status Flags
r-devel-linux-x86_64-debian-clang 3.1.1 20.04 27.17 47.21 NOTE
r-devel-linux-x86_64-debian-gcc 3.1.1 15.80 21.58 37.38 NOTE
r-devel-linux-x86_64-fedora-clang 3.1.1 69.25 NOTE
r-devel-linux-x86_64-fedora-gcc 3.1.1 65.20 NOTE
r-patched-linux-x86_64 3.1.1 17.20 26.58 43.78 NOTE
r-release-linux-x86_64 3.1.1 17.81 28.76 46.57 NOTE
r-release-macos-arm64 3.1.1 24.00 NOTE
r-release-macos-x86_64 3.1.1 33.00 NOTE
r-release-windows-x86_64 3.1.1 25.00 86.00 111.00 NOTE
r-oldrel-macos-arm64 3.1.1 30.00 NOTE
r-oldrel-macos-x86_64 3.1.1 36.00 NOTE
r-oldrel-windows-ix86+x86_64 3.1.1 56.00 83.00 139.00 NOTE

Check Details

Version: 3.1.1
Check: C++ specification
Result: NOTE
     Specified C++11: please drop specification unless essential
Flavors: r-devel-linux-x86_64-debian-clang, r-devel-linux-x86_64-debian-gcc, r-devel-linux-x86_64-fedora-clang, r-devel-linux-x86_64-fedora-gcc, r-patched-linux-x86_64

Version: 3.1.1
Check: for GNU extensions in Makefiles
Result: NOTE
    GNU make is a SystemRequirements.
Flavors: r-devel-linux-x86_64-debian-clang, r-devel-linux-x86_64-debian-gcc, r-devel-linux-x86_64-fedora-clang, r-devel-linux-x86_64-fedora-gcc, r-patched-linux-x86_64, r-release-linux-x86_64, r-release-macos-arm64, r-release-macos-x86_64, r-release-windows-x86_64, r-oldrel-macos-arm64, r-oldrel-macos-x86_64, r-oldrel-windows-ix86+x86_64