CRAN Package Check Results for Package StabilizedRegression

Last updated on 2021-12-01 03:55:43 CET.

Flavor Version Tinstall Tcheck Ttotal Status Flags
r-devel-linux-x86_64-debian-clang 1.0 10.75 96.15 106.90 NOTE
r-devel-linux-x86_64-debian-gcc 1.0 9.10 83.90 93.00 NOTE
r-devel-linux-x86_64-fedora-clang 1.0 139.79 NOTE
r-devel-linux-x86_64-fedora-gcc 1.0 126.66 NOTE
r-devel-windows-x86_64-new-UL 1.0 21.00 132.00 153.00 NOTE
r-devel-windows-x86_64-new-TK 1.0 NOTE
r-devel-windows-x86_64-old 1.0 18.00 91.00 109.00 NOTE
r-patched-linux-x86_64 1.0 12.97 89.92 102.89 NOTE
r-patched-solaris-x86 1.0 177.20 NOTE
r-release-linux-x86_64 1.0 10.76 89.77 100.53 NOTE
r-release-macos-arm64 1.0 NOTE
r-release-macos-x86_64 1.0 NOTE
r-release-windows-ix86+x86_64 1.0 34.00 82.00 116.00 NOTE
r-oldrel-macos-x86_64 1.0 OK
r-oldrel-windows-ix86+x86_64 1.0 20.00 81.00 101.00 OK

Check Details

Version: 1.0
Check: LazyData
Result: NOTE
     'LazyData' is specified without a 'data' directory
Flavors: r-devel-linux-x86_64-debian-clang, r-devel-linux-x86_64-debian-gcc, r-devel-linux-x86_64-fedora-clang, r-devel-linux-x86_64-fedora-gcc, r-devel-windows-x86_64-new-UL, r-devel-windows-x86_64-new-TK, r-devel-windows-x86_64-old, r-patched-linux-x86_64, r-patched-solaris-x86, r-release-linux-x86_64, r-release-macos-arm64, r-release-macos-x86_64, r-release-windows-ix86+x86_64