Last updated on 2023-03-22 19:53:39 CET.
Flavor | Version | Tinstall | Tcheck | Ttotal | Status | Flags |
---|---|---|---|---|---|---|
r-devel-linux-x86_64-debian-clang | 2.21.0-7 | 34.96 | 485.62 | 520.58 | OK | |
r-devel-linux-x86_64-debian-gcc | 2.21.0-7 | 25.01 | 398.19 | 423.20 | OK | |
r-devel-linux-x86_64-fedora-clang | 2.21.0-7 | 639.72 | NOTE | |||
r-devel-linux-x86_64-fedora-gcc | 2.21.0-7 | 702.27 | OK | |||
r-devel-windows-x86_64 | 2.21.0-7 | 964.00 | 713.00 | 1677.00 | NOTE | |
r-patched-linux-x86_64 | 2.21.0-7 | 27.07 | 488.94 | 516.01 | OK | |
r-release-linux-x86_64 | 2.21.0-7 | 25.11 | 485.66 | 510.77 | OK | |
r-release-macos-arm64 | 2.21.0-7 | 144.00 | NOTE | |||
r-release-macos-x86_64 | 2.21.0-7 | 193.00 | NOTE | |||
r-release-windows-x86_64 | 2.21.0-7 | 1633.00 | 570.00 | 2203.00 | NOTE | |
r-oldrel-macos-arm64 | 2.21.0-7 | 174.00 | NOTE | |||
r-oldrel-macos-x86_64 | 2.21.0-7 | 304.00 | NOTE | |||
r-oldrel-windows-ix86+x86_64 | 2.21.0-7 | 105.00 | 561.00 | 666.00 | NOTE |
Version: 2.21.0-7
Check: installed package size
Result: NOTE
installed size is 11.8Mb
sub-directories of 1Mb or more:
include 10.7Mb
Flavors: r-devel-linux-x86_64-fedora-clang, r-devel-windows-x86_64, r-release-macos-arm64, r-release-macos-x86_64, r-release-windows-x86_64, r-oldrel-macos-arm64, r-oldrel-macos-x86_64, r-oldrel-windows-ix86+x86_64