CRAN Package Check Results for Package StatMeasures

Last updated on 2019-10-18 20:46:31 CEST.

Flavor Version Tinstall Tcheck Ttotal Status Flags
r-devel-linux-x86_64-debian-clang 1.0 2.89 25.97 28.86 NOTE
r-devel-linux-x86_64-debian-gcc 1.0 2.13 20.36 22.49 NOTE
r-devel-linux-x86_64-fedora-clang 1.0 35.21 NOTE
r-devel-linux-x86_64-fedora-gcc 1.0 35.62 NOTE
r-devel-windows-ix86+x86_64 1.0 11.00 55.00 66.00 NOTE
r-patched-linux-x86_64 1.0 2.26 24.56 26.82 NOTE
r-patched-solaris-x86 1.0 51.00 NOTE
r-release-linux-x86_64 1.0 2.86 24.87 27.73 NOTE
r-release-windows-ix86+x86_64 1.0 6.00 51.00 57.00 NOTE
r-release-osx-x86_64 1.0 NOTE
r-oldrel-windows-ix86+x86_64 1.0 4.00 37.00 41.00 NOTE
r-oldrel-osx-x86_64 1.0 NOTE

Check Details

Version: 1.0
Check: R code for possible problems
Result: NOTE
    actvspred: no visible global function definition for 'quantile'
    actvspred: no visible global function definition for 'aggregate'
    actvspred: no visible global function definition for 'par'
    actvspred: no visible global function definition for 'plot'
    actvspred: no visible global function definition for 'lines'
    auc: no visible global function definition for 'par'
    auc: no visible global function definition for 'plot'
    decile: no visible global function definition for 'quantile'
    dqcontinuous : numoutliers: no visible global function definition for
     'quantile'
    dqcontinuous : <anonymous>: no visible global function definition for
     'sd'
    dqcontinuous : <anonymous>: no visible global function definition for
     'quantile'
    gini: no visible global function definition for 'par'
    gini: no visible global function definition for 'plot'
    gini: no visible global function definition for 'abline'
    iv: no visible global function definition for 'quantile'
    iv: no visible global function definition for 'aggregate'
    ks: no visible global function definition for 'aggregate'
    ks: no visible global function definition for 'par'
    ks: no visible global function definition for 'plot'
    ks: no visible global function definition for 'lines'
    outliers: no visible global function definition for 'quantile'
    outliers: no visible global function definition for 'na.omit'
    pentile: no visible global function definition for 'quantile'
    Undefined global functions or variables:
     abline aggregate lines na.omit par plot quantile sd
    Consider adding
     importFrom("graphics", "abline", "lines", "par", "plot")
     importFrom("stats", "aggregate", "na.omit", "quantile", "sd")
    to your NAMESPACE file.
Flavors: r-devel-linux-x86_64-debian-clang, r-devel-linux-x86_64-debian-gcc, r-devel-linux-x86_64-fedora-clang, r-devel-linux-x86_64-fedora-gcc, r-devel-windows-ix86+x86_64, r-patched-linux-x86_64, r-patched-solaris-x86, r-release-linux-x86_64, r-release-windows-ix86+x86_64, r-release-osx-x86_64, r-oldrel-windows-ix86+x86_64, r-oldrel-osx-x86_64