Last updated on 2023-03-31 08:54:14 CEST.
Flavor | Version | Tinstall | Tcheck | Ttotal | Status | Flags |
---|---|---|---|---|---|---|
r-devel-linux-x86_64-debian-clang | 1.1.0 | 50.00 | 115.33 | 165.33 | NOTE | |
r-devel-linux-x86_64-debian-gcc | 1.1.0 | 43.78 | 86.60 | 130.38 | NOTE | |
r-devel-linux-x86_64-fedora-clang | 1.1.0 | 223.28 | NOTE | |||
r-devel-linux-x86_64-fedora-gcc | 1.1.0 | 224.20 | NOTE | |||
r-devel-windows-x86_64 | 1.1.0 | 63.00 | 0.00 | 63.00 | NOTE | |
r-patched-linux-x86_64 | 1.1.0 | 46.06 | 107.59 | 153.65 | NOTE | |
r-release-linux-x86_64 | 1.1.0 | 42.58 | 110.16 | 152.74 | OK | |
r-release-macos-arm64 | 1.1.0 | 58.00 | OK | |||
r-release-macos-x86_64 | 1.1.0 | 106.00 | OK | |||
r-release-windows-x86_64 | 1.1.0 | 50.00 | 176.00 | 226.00 | OK | |
r-oldrel-macos-arm64 | 1.1.0 | 65.00 | NOTE | |||
r-oldrel-macos-x86_64 | 1.1.0 | 111.00 | OK | |||
r-oldrel-windows-ix86+x86_64 | 1.1.0 | 124.00 | 191.00 | 315.00 | OK |
Version: 1.1.0
Check: C++ specification
Result: NOTE
Specified C++11: please drop specification unless essential
Flavors: r-devel-linux-x86_64-debian-clang, r-devel-linux-x86_64-debian-gcc, r-devel-linux-x86_64-fedora-clang, r-devel-linux-x86_64-fedora-gcc, r-devel-windows-x86_64, r-patched-linux-x86_64
Version: 1.1.0
Check: package subdirectories
Result: NOTE
Problems with news in ‘NEWS.md’:
No news entries found.
Flavors: r-devel-linux-x86_64-debian-clang, r-devel-linux-x86_64-debian-gcc, r-devel-linux-x86_64-fedora-clang, r-devel-linux-x86_64-fedora-gcc, r-devel-windows-x86_64, r-patched-linux-x86_64
Version: 1.1.0
Check: installed package size
Result: NOTE
installed size is 5.1Mb
sub-directories of 1Mb or more:
libs 4.9Mb
Flavor: r-oldrel-macos-arm64