CRAN Package Check Results for Package StochBlock

Last updated on 2024-02-22 11:50:49 CET.

Flavor Version Tinstall Tcheck Ttotal Status Flags
r-devel-linux-x86_64-debian-clang 0.1.2 NOTE
r-devel-linux-x86_64-debian-gcc 0.1.2 31.64 59.39 91.03 NOTE
r-devel-linux-x86_64-fedora-clang 0.1.2 155.81 NOTE
r-devel-linux-x86_64-fedora-gcc 0.1.2 153.72 NOTE
r-devel-windows-x86_64 0.1.2 34.00 97.00 131.00 NOTE
r-patched-linux-x86_64 0.1.2 42.80 77.44 120.24 NOTE
r-release-linux-x86_64 0.1.2 39.18 77.17 116.35 NOTE
r-release-macos-arm64 0.1.2 49.00 NOTE
r-release-macos-x86_64 0.1.2 74.00 NOTE
r-release-windows-x86_64 0.1.2 43.00 110.00 153.00 NOTE
r-oldrel-macos-arm64 0.1.2 41.00 OK
r-oldrel-windows-x86_64 0.1.2 41.00 109.00 150.00 OK

Check Details

Version: 0.1.2
Check: C++ specification
Result: NOTE Specified C++11: please drop specification unless essential Flavors: r-devel-linux-x86_64-debian-clang, r-devel-linux-x86_64-debian-gcc, r-devel-linux-x86_64-fedora-clang, r-devel-linux-x86_64-fedora-gcc, r-devel-windows-x86_64, r-patched-linux-x86_64, r-release-linux-x86_64, r-release-macos-arm64, r-release-macos-x86_64, r-release-windows-x86_64