Last updated on 2023-10-02 17:01:51 CEST.
Flavor | Version | Tinstall | Tcheck | Ttotal | Status | Flags |
---|---|---|---|---|---|---|
r-devel-linux-x86_64-debian-clang | 0.2.2 | 9.85 | 95.23 | 105.08 | NOTE | |
r-devel-linux-x86_64-debian-gcc | 0.2.2 | 8.88 | 71.75 | 80.63 | NOTE | |
r-devel-linux-x86_64-fedora-clang | 0.2.2 | 136.59 | NOTE | |||
r-devel-linux-x86_64-fedora-gcc | 0.2.2 | 126.18 | NOTE | |||
r-devel-windows-x86_64 | 0.2.2 | 11.00 | 81.00 | 92.00 | NOTE | |
r-patched-linux-x86_64 | 0.2.2 | 11.14 | 90.93 | 102.07 | NOTE | |
r-release-linux-x86_64 | 0.2.2 | 10.83 | 91.63 | 102.46 | NOTE | |
r-release-macos-arm64 | 0.2.2 | 39.00 | NOTE | |||
r-release-macos-x86_64 | 0.2.2 | 66.00 | NOTE | |||
r-release-windows-x86_64 | 0.2.2 | 14.00 | 98.00 | 112.00 | NOTE | |
r-oldrel-macos-arm64 | 0.2.2 | 36.00 | NOTE | |||
r-oldrel-macos-x86_64 | 0.2.2 | 73.00 | NOTE | |||
r-oldrel-windows-x86_64 | 0.2.2 | 15.00 | 100.00 | 115.00 | NOTE |
Version: 0.2.2
Check: LazyData
Result: NOTE
'LazyData' is specified without a 'data' directory
Flavors: r-devel-linux-x86_64-debian-clang, r-devel-linux-x86_64-debian-gcc, r-devel-linux-x86_64-fedora-clang, r-devel-linux-x86_64-fedora-gcc, r-devel-windows-x86_64, r-patched-linux-x86_64, r-release-linux-x86_64, r-release-macos-arm64, r-release-macos-x86_64, r-release-windows-x86_64, r-oldrel-macos-arm64, r-oldrel-macos-x86_64, r-oldrel-windows-x86_64