Last updated on 2023-03-23 03:53:37 CET.
Flavor | Version | Tinstall | Tcheck | Ttotal | Status | Flags |
---|---|---|---|---|---|---|
r-devel-linux-x86_64-debian-clang | 0.4.1 | 138.44 | 109.95 | 248.39 | NOTE | |
r-devel-linux-x86_64-debian-gcc | 0.4.1 | 107.91 | 82.87 | 190.78 | NOTE | |
r-devel-linux-x86_64-fedora-clang | 0.4.1 | 381.15 | NOTE | |||
r-devel-linux-x86_64-fedora-gcc | 0.4.1 | 349.99 | NOTE | |||
r-devel-windows-x86_64 | 0.4.1 | 202.00 | 167.00 | 369.00 | NOTE | |
r-patched-linux-x86_64 | 0.4.1 | 113.21 | 101.00 | 214.21 | OK | |
r-release-linux-x86_64 | 0.4.1 | 110.96 | 100.44 | 211.40 | OK | |
r-release-macos-arm64 | 0.4.1 | 82.00 | NOTE | |||
r-release-macos-x86_64 | 0.4.1 | 102.00 | NOTE | |||
r-release-windows-x86_64 | 0.4.1 | 221.00 | 159.00 | 380.00 | OK | |
r-oldrel-macos-arm64 | 0.4.1 | 79.00 | NOTE | |||
r-oldrel-macos-x86_64 | 0.4.1 | 103.00 | NOTE | |||
r-oldrel-windows-ix86+x86_64 | 0.4.1 | 342.00 | 183.00 | 525.00 | OK |
Version: 0.4.1
Check: C++ specification
Result: NOTE
Specified C++11: please drop specification unless essential
Flavors: r-devel-linux-x86_64-debian-clang, r-devel-linux-x86_64-debian-gcc, r-devel-linux-x86_64-fedora-clang, r-devel-linux-x86_64-fedora-gcc, r-devel-windows-x86_64
Version: 0.4.1
Check: installed package size
Result: NOTE
installed size is 5.7Mb
sub-directories of 1Mb or more:
libs 5.4Mb
Flavors: r-release-macos-arm64, r-release-macos-x86_64, r-oldrel-macos-arm64, r-oldrel-macos-x86_64