CRAN Package Check Results for Package SunterSampling

Last updated on 2019-10-18 20:46:32 CEST.

Flavor Version Tinstall Tcheck Ttotal Status Flags
r-devel-linux-x86_64-debian-clang 1.0.1 1.84 17.26 19.10 NOTE
r-devel-linux-x86_64-debian-gcc 1.0.1 1.37 14.18 15.55 NOTE
r-devel-linux-x86_64-fedora-clang 1.0.1 24.42 NOTE
r-devel-linux-x86_64-fedora-gcc 1.0.1 24.28 NOTE
r-devel-windows-ix86+x86_64 1.0.1 8.00 28.00 36.00 NOTE
r-patched-linux-x86_64 1.0.1 1.27 17.13 18.40 NOTE
r-patched-solaris-x86 1.0.1 38.30 NOTE
r-release-linux-x86_64 1.0.1 1.51 17.17 18.68 NOTE
r-release-windows-ix86+x86_64 1.0.1 4.00 39.00 43.00 NOTE
r-release-osx-x86_64 1.0.1 NOTE
r-oldrel-windows-ix86+x86_64 1.0.1 2.00 27.00 29.00 NOTE
r-oldrel-osx-x86_64 1.0.1 NOTE

Check Details

Version: 1.0.1
Check: DESCRIPTION meta-information
Result: NOTE
    Malformed Description field: should contain one or more complete sentences.
Flavors: r-devel-linux-x86_64-debian-clang, r-devel-linux-x86_64-debian-gcc, r-devel-linux-x86_64-fedora-clang, r-devel-linux-x86_64-fedora-gcc, r-devel-windows-ix86+x86_64, r-patched-linux-x86_64, r-patched-solaris-x86, r-release-linux-x86_64, r-release-windows-ix86+x86_64, r-release-osx-x86_64, r-oldrel-windows-ix86+x86_64, r-oldrel-osx-x86_64

Version: 1.0.1
Check: R code for possible problems
Result: NOTE
    sunter: no visible global function definition for 'runif'
    Undefined global functions or variables:
     runif
    Consider adding
     importFrom("stats", "runif")
    to your NAMESPACE file.
Flavors: r-devel-linux-x86_64-debian-clang, r-devel-linux-x86_64-debian-gcc, r-devel-linux-x86_64-fedora-clang, r-devel-linux-x86_64-fedora-gcc, r-devel-windows-ix86+x86_64, r-patched-linux-x86_64, r-patched-solaris-x86, r-release-linux-x86_64, r-release-windows-ix86+x86_64, r-release-osx-x86_64, r-oldrel-windows-ix86+x86_64, r-oldrel-osx-x86_64