CRAN Package Check Results for Package SunterSampling

Last updated on 2019-05-21 04:49:10 CEST.

Flavor Version Tinstall Tcheck Ttotal Status Flags
r-devel-linux-x86_64-debian-clang 1.0.1 1.63 17.13 18.76 NOTE
r-devel-linux-x86_64-debian-gcc 1.0.1 1.35 14.23 15.58 NOTE
r-devel-linux-x86_64-fedora-clang 1.0.1 23.47 NOTE
r-devel-linux-x86_64-fedora-gcc 1.0.1 22.48 NOTE
r-devel-windows-ix86+x86_64 1.0.1 12.00 39.00 51.00 NOTE
r-patched-linux-x86_64 1.0.1 1.68 17.54 19.22 NOTE
r-patched-solaris-x86 1.0.1 37.50 NOTE
r-release-linux-x86_64 1.0.1 1.74 17.26 19.00 NOTE
r-release-windows-ix86+x86_64 1.0.1 6.00 37.00 43.00 NOTE
r-release-osx-x86_64 1.0.1 NOTE
r-oldrel-windows-ix86+x86_64 1.0.1 2.00 27.00 29.00 NOTE
r-oldrel-osx-x86_64 1.0.1 NOTE

Check Details

Version: 1.0.1
Check: DESCRIPTION meta-information
Result: NOTE
    Malformed Description field: should contain one or more complete sentences.
Flavors: r-devel-linux-x86_64-debian-clang, r-devel-linux-x86_64-debian-gcc, r-devel-linux-x86_64-fedora-clang, r-devel-linux-x86_64-fedora-gcc, r-devel-windows-ix86+x86_64, r-patched-linux-x86_64, r-patched-solaris-x86, r-release-linux-x86_64, r-release-windows-ix86+x86_64, r-release-osx-x86_64, r-oldrel-windows-ix86+x86_64, r-oldrel-osx-x86_64

Version: 1.0.1
Check: R code for possible problems
Result: NOTE
    sunter: no visible global function definition for 'runif'
    Undefined global functions or variables:
     runif
    Consider adding
     importFrom("stats", "runif")
    to your NAMESPACE file.
Flavors: r-devel-linux-x86_64-debian-clang, r-devel-linux-x86_64-debian-gcc, r-devel-linux-x86_64-fedora-clang, r-devel-linux-x86_64-fedora-gcc, r-devel-windows-ix86+x86_64, r-patched-linux-x86_64, r-patched-solaris-x86, r-release-linux-x86_64, r-release-windows-ix86+x86_64, r-release-osx-x86_64, r-oldrel-windows-ix86+x86_64, r-oldrel-osx-x86_64