Last updated on 2023-06-03 04:56:05 CEST.
Flavor | Version | Tinstall | Tcheck | Ttotal | Status | Flags |
---|---|---|---|---|---|---|
r-devel-linux-x86_64-debian-clang | 2.8 | 43.51 | 307.28 | 350.79 | OK | |
r-devel-linux-x86_64-debian-gcc | 2.8 | 32.93 | 228.22 | 261.15 | OK | |
r-devel-linux-x86_64-fedora-clang | 2.8 | 437.10 | OK | |||
r-devel-linux-x86_64-fedora-gcc | 2.8 | 457.59 | OK | |||
r-devel-windows-x86_64 | 2.8 | 38.00 | 358.00 | 396.00 | OK | |
r-patched-linux-x86_64 | 2.8 | OK | ||||
r-release-linux-x86_64 | 2.8 | 37.97 | 292.72 | 330.69 | OK | |
r-release-macos-arm64 | 2.8 | 112.00 | OK | |||
r-release-macos-x86_64 | 2.8 | 178.00 | OK | |||
r-release-windows-x86_64 | 2.8 | 50.00 | 305.00 | 355.00 | OK | |
r-oldrel-macos-arm64 | 2.8 | 115.00 | ERROR | |||
r-oldrel-macos-x86_64 | 2.8 | 142.00 | ERROR | |||
r-oldrel-windows-x86_64 | 2.8 | 50.00 | 442.00 | 492.00 | OK |
Version: 2.8
Check: PDF version of manual
Result: WARN
LaTeX errors when creating PDF version.
This typically indicates Rd problems.
LaTeX errors found:
! Undefined control sequence.
<argument> ...! \perp T_1 | \tilde {S}_1 \; \text
{and} \; \tilde {S}_1 \per...
l.3472 ...perp \!\!\! \perp T_0 | \tilde{S}_0 .}{}
This can informally be
Flavors: r-oldrel-macos-arm64, r-oldrel-macos-x86_64
Version: 2.8
Check: PDF version of manual without index
Result: ERROR
Flavors: r-oldrel-macos-arm64, r-oldrel-macos-x86_64