CRAN Package Check Results for Package SyScSelection

Last updated on 2021-12-04 11:52:51 CET.

Flavor Version Tinstall Tcheck Ttotal Status Flags
r-devel-linux-x86_64-debian-clang 1.0.2 2.65 34.12 36.77 NOTE
r-devel-linux-x86_64-debian-gcc 1.0.2 2.09 27.34 29.43 NOTE
r-devel-linux-x86_64-fedora-clang 1.0.2 47.46 NOTE
r-devel-linux-x86_64-fedora-gcc 1.0.2 36.10 NOTE
r-devel-windows-x86_64-new-UL 1.0.2 9.00 66.00 75.00 NOTE
r-devel-windows-x86_64-new-TK 1.0.2 NOTE
r-devel-windows-x86_64-old 1.0.2 8.00 35.00 43.00 NOTE
r-patched-linux-x86_64 1.0.2 2.89 25.10 27.99 NOTE
r-release-linux-x86_64 1.0.2 2.44 25.02 27.46 NOTE
r-release-macos-arm64 1.0.2 NOTE
r-release-macos-x86_64 1.0.2 NOTE
r-release-windows-ix86+x86_64 1.0.2 6.00 43.00 49.00 NOTE
r-oldrel-macos-x86_64 1.0.2 OK
r-oldrel-windows-ix86+x86_64 1.0.2 6.00 42.00 48.00 OK

Check Details

Version: 1.0.2
Check: LazyData
Result: NOTE
     'LazyData' is specified without a 'data' directory
Flavors: r-devel-linux-x86_64-debian-clang, r-devel-linux-x86_64-debian-gcc, r-devel-linux-x86_64-fedora-clang, r-devel-linux-x86_64-fedora-gcc, r-devel-windows-x86_64-new-UL, r-devel-windows-x86_64-new-TK, r-devel-windows-x86_64-old, r-patched-linux-x86_64, r-release-linux-x86_64, r-release-macos-arm64, r-release-macos-x86_64, r-release-windows-ix86+x86_64