CRAN Package Check Results for Package Synth

Last updated on 2021-10-26 12:54:40 CEST.

Flavor Version Tinstall Tcheck Ttotal Status Flags
r-devel-linux-x86_64-debian-clang 1.1-5 4.95 45.06 50.01 NOTE
r-devel-linux-x86_64-debian-gcc 1.1-5 3.72 34.41 38.13 NOTE
r-devel-linux-x86_64-fedora-clang 1.1-5 71.11 NOTE
r-devel-linux-x86_64-fedora-gcc 1.1-5 60.04 NOTE
r-devel-windows-x86_64 1.1-5 9.00 49.00 58.00 NOTE
r-devel-windows-x86_64-gcc10-UCRT 1.1-5 NOTE
r-patched-linux-x86_64 1.1-5 6.57 44.50 51.07 NOTE
r-patched-solaris-x86 1.1-5 92.30 NOTE
r-release-linux-x86_64 1.1-5 5.01 43.80 48.81 NOTE
r-release-macos-arm64 1.1-5 NOTE
r-release-macos-x86_64 1.1-5 NOTE
r-release-windows-ix86+x86_64 1.1-5 8.00 66.00 74.00 NOTE
r-oldrel-macos-x86_64 1.1-5 NOTE
r-oldrel-windows-ix86+x86_64 1.1-5 12.00 65.00 77.00 NOTE

Check Details

Version: 1.1-5
Check: dependencies in R code
Result: NOTE
    'library' or 'require' calls in package code:
     'LowRankQP' 'rgenoud'
     Please use :: or requireNamespace() instead.
     See section 'Suggested packages' in the 'Writing R Extensions' manual.
Flavors: r-devel-linux-x86_64-debian-clang, r-devel-linux-x86_64-debian-gcc, r-devel-linux-x86_64-fedora-clang, r-devel-linux-x86_64-fedora-gcc, r-devel-windows-x86_64, r-devel-windows-x86_64-gcc10-UCRT, r-patched-linux-x86_64, r-patched-solaris-x86, r-release-linux-x86_64, r-release-macos-arm64, r-release-macos-x86_64, r-release-windows-ix86+x86_64, r-oldrel-macos-x86_64, r-oldrel-windows-ix86+x86_64

Version: 1.1-5
Check: R code for possible problems
Result: NOTE
    fn.V: no visible global function definition for 'LowRankQP'
    gaps.plot: no visible global function definition for 'abline'
    path.plot: no visible global function definition for 'lines'
    path.plot: no visible global function definition for 'abline'
    path.plot: no visible global function definition for 'legend'
    synth: no visible binding for global variable 'sd'
    synth: no visible binding for global variable 'var'
    synth: no visible global function definition for 'LowRankQP'
    Undefined global functions or variables:
     LowRankQP abline legend lines sd var
    Consider adding
     importFrom("graphics", "abline", "legend", "lines")
     importFrom("stats", "sd", "var")
    to your NAMESPACE file.
Flavors: r-devel-linux-x86_64-debian-clang, r-devel-linux-x86_64-debian-gcc, r-devel-linux-x86_64-fedora-clang, r-devel-linux-x86_64-fedora-gcc, r-devel-windows-x86_64, r-devel-windows-x86_64-gcc10-UCRT, r-patched-linux-x86_64, r-patched-solaris-x86, r-release-linux-x86_64, r-release-macos-arm64, r-release-macos-x86_64, r-release-windows-ix86+x86_64, r-oldrel-macos-x86_64, r-oldrel-windows-ix86+x86_64