CRAN Package Check Results for Package SynthETIC

Last updated on 2024-02-24 07:51:38 CET.

Flavor Version Tinstall Tcheck Ttotal Status Flags
r-devel-linux-x86_64-debian-clang 1.1.0 7.86 305.67 313.53 OK
r-devel-linux-x86_64-debian-gcc 1.1.0 6.58 224.85 231.43 OK
r-devel-linux-x86_64-fedora-clang 1.1.0 371.94 NOTE
r-devel-linux-x86_64-fedora-gcc 1.1.0 376.82 OK
r-devel-windows-x86_64 1.1.0 10.00 211.00 221.00 NOTE
r-patched-linux-x86_64 1.1.0 11.67 296.65 308.32 OK
r-release-linux-x86_64 1.1.0 9.02 288.16 297.18 OK
r-release-macos-arm64 1.1.0 109.00 NOTE
r-release-macos-x86_64 1.1.0 215.00 NOTE
r-release-windows-x86_64 1.1.0 13.00 361.00 374.00 NOTE
r-oldrel-macos-arm64 1.1.0 99.00 NOTE
r-oldrel-windows-x86_64 1.1.0 13.00 321.00 334.00 NOTE

Check Details

Version: 1.1.0
Check: installed package size
Result: NOTE installed size is 5.0Mb sub-directories of 1Mb or more: data 2.9Mb doc 1.8Mb Flavors: r-devel-linux-x86_64-fedora-clang, r-devel-windows-x86_64, r-release-macos-arm64, r-release-macos-x86_64, r-release-windows-x86_64, r-oldrel-macos-arm64, r-oldrel-windows-x86_64