Last updated on 2023-05-31 08:58:09 CEST.
Flavor | Version | Tinstall | Tcheck | Ttotal | Status | Flags |
---|---|---|---|---|---|---|
r-devel-linux-x86_64-debian-clang | 1.1-2 | 7.20 | 95.74 | 102.94 | OK | |
r-devel-linux-x86_64-debian-gcc | 1.1-2 | 5.65 | 72.85 | 78.50 | OK | |
r-devel-linux-x86_64-fedora-clang | 1.1-2 | 127.91 | NOTE | |||
r-devel-linux-x86_64-fedora-gcc | 1.1-2 | 139.92 | OK | |||
r-devel-windows-x86_64 | 1.1-2 | 8.00 | 379.00 | 387.00 | NOTE | |
r-patched-linux-x86_64 | 1.1-2 | 5.87 | 92.09 | 97.96 | OK | |
r-release-linux-x86_64 | 1.1-2 | 7.12 | 90.07 | 97.19 | OK | |
r-release-macos-arm64 | 1.1-2 | 56.00 | NOTE | |||
r-release-macos-x86_64 | 1.1-2 | 128.00 | NOTE | |||
r-release-windows-x86_64 | 1.1-2 | 9.00 | 431.00 | 440.00 | NOTE | |
r-oldrel-macos-arm64 | 1.1-2 | 50.00 | NOTE | |||
r-oldrel-macos-x86_64 | 1.1-2 | 74.00 | NOTE | |||
r-oldrel-windows-x86_64 | 1.1-2 | 9.00 | 470.00 | 479.00 | NOTE |
Version: 1.1-2
Check: installed package size
Result: NOTE
installed size is 9.0Mb
sub-directories of 1Mb or more:
data 1.2Mb
rda 7.1Mb
Flavors: r-devel-linux-x86_64-fedora-clang, r-devel-windows-x86_64, r-release-macos-arm64, r-release-macos-x86_64, r-release-windows-x86_64, r-oldrel-macos-arm64, r-oldrel-macos-x86_64, r-oldrel-windows-x86_64