CRAN Package Check Results for Package TOmicsVis

Last updated on 2024-03-02 11:49:47 CET.

Flavor Version Tinstall Tcheck Ttotal Status Flags
r-devel-linux-x86_64-debian-clang 2.0.0 0.98 2.15 3.13 ERROR
r-devel-linux-x86_64-debian-gcc 2.0.0 37.09 472.92 510.01 OK
r-devel-linux-x86_64-fedora-clang 2.0.0 888.39 NOTE
r-devel-linux-x86_64-fedora-gcc 2.0.0 893.40 OK
r-devel-windows-x86_64 2.0.0 46.00 676.00 722.00 NOTE
r-patched-linux-x86_64 2.0.0 45.46 557.79 603.25 OK
r-release-linux-x86_64 2.0.0 49.33 579.52 628.85 OK
r-release-macos-arm64 2.0.0 10.00 ERROR
r-release-macos-x86_64 2.0.0 5.00 ERROR
r-release-windows-x86_64 2.0.0 63.00 599.00 662.00 NOTE
r-oldrel-macos-arm64 2.0.0 9.00 ERROR
r-oldrel-windows-x86_64 2.0.0 44.00 604.00 648.00 NOTE

Check Details

Version: 2.0.0
Check: package dependencies
Result: ERROR Packages required but not available: 'clusterProfiler', 'enrichplot' See section ‘The DESCRIPTION file’ in the ‘Writing R Extensions’ manual. Flavor: r-devel-linux-x86_64-debian-clang

Version: 2.0.0
Check: package dependencies
Result: NOTE Imports includes 36 non-default packages. Importing from so many packages makes the package vulnerable to any of them becoming unavailable. Move as many as possible to Suggests and use conditionally. Flavor: r-devel-linux-x86_64-fedora-clang

Version: 2.0.0
Check: installed package size
Result: NOTE installed size is 6.4Mb sub-directories of 1Mb or more: data-tables 1.5Mb doc 2.0Mb help 1.2Mb Flavors: r-devel-linux-x86_64-fedora-clang, r-devel-windows-x86_64, r-release-windows-x86_64, r-oldrel-windows-x86_64

Version: 2.0.0
Check: package dependencies
Result: ERROR Package required but not available: ‘EnhancedVolcano’ See section ‘The DESCRIPTION file’ in the ‘Writing R Extensions’ manual. Flavors: r-release-macos-arm64, r-release-macos-x86_64

Version: 2.0.0
Check: package dependencies
Result: ERROR Packages required but not available: 'EnhancedVolcano', 'Mfuzz' See section ‘The DESCRIPTION file’ in the ‘Writing R Extensions’ manual. Flavor: r-oldrel-macos-arm64