CRAN Package Check Results for Package TSCS

Last updated on 2021-12-01 03:55:44 CET.

Flavor Version Tinstall Tcheck Ttotal Status Flags
r-devel-linux-x86_64-debian-clang 0.1.1 8.49 72.19 80.68 NOTE
r-devel-linux-x86_64-debian-gcc 0.1.1 6.09 61.04 67.13 NOTE
r-devel-linux-x86_64-fedora-clang 0.1.1 109.75 NOTE
r-devel-linux-x86_64-fedora-gcc 0.1.1 93.05 NOTE
r-devel-windows-x86_64-new-UL 0.1.1 18.00 113.00 131.00 NOTE
r-devel-windows-x86_64-new-TK 0.1.1 NOTE
r-devel-windows-x86_64-old 0.1.1 16.00 214.00 230.00 NOTE
r-patched-linux-x86_64 0.1.1 7.19 68.52 75.71 NOTE
r-patched-solaris-x86 0.1.1 124.00 NOTE
r-release-linux-x86_64 0.1.1 8.19 68.19 76.38 NOTE
r-release-macos-arm64 0.1.1 NOTE
r-release-macos-x86_64 0.1.1 NOTE
r-release-windows-ix86+x86_64 0.1.1 20.00 91.00 111.00 NOTE
r-oldrel-macos-x86_64 0.1.1 OK
r-oldrel-windows-ix86+x86_64 0.1.1 14.00 64.00 78.00 OK

Check Details

Version: 0.1.1
Check: LazyData
Result: NOTE
     'LazyData' is specified without a 'data' directory
Flavors: r-devel-linux-x86_64-debian-clang, r-devel-linux-x86_64-debian-gcc, r-devel-linux-x86_64-fedora-clang, r-devel-linux-x86_64-fedora-gcc, r-devel-windows-x86_64-new-UL, r-devel-windows-x86_64-new-TK, r-devel-windows-x86_64-old, r-patched-linux-x86_64, r-patched-solaris-x86, r-release-linux-x86_64, r-release-macos-arm64, r-release-macos-x86_64, r-release-windows-ix86+x86_64