Last updated on 2023-10-03 17:06:09 CEST.
Flavor | Version | Tinstall | Tcheck | Ttotal | Status | Flags |
---|---|---|---|---|---|---|
r-devel-linux-x86_64-debian-clang | 0.1 | 9.06 | 90.79 | 99.85 | NOTE | |
r-devel-linux-x86_64-debian-gcc | 0.1 | 6.97 | 70.38 | 77.35 | NOTE | |
r-devel-linux-x86_64-fedora-clang | 0.1 | 121.15 | NOTE | |||
r-devel-linux-x86_64-fedora-gcc | 0.1 | 120.57 | NOTE | |||
r-devel-windows-x86_64 | 0.1 | 8.00 | 85.00 | 93.00 | NOTE | |
r-patched-linux-x86_64 | 0.1 | 7.98 | 89.56 | 97.54 | NOTE | |
r-release-linux-x86_64 | 0.1 | 8.20 | 89.98 | 98.18 | NOTE | |
r-release-macos-arm64 | 0.1 | 40.00 | NOTE | |||
r-release-macos-x86_64 | 0.1 | 65.00 | NOTE | |||
r-release-windows-x86_64 | 0.1 | 9.00 | 96.00 | 105.00 | NOTE | |
r-oldrel-macos-arm64 | 0.1 | 33.00 | NOTE | |||
r-oldrel-macos-x86_64 | 0.1 | 53.00 | NOTE | |||
r-oldrel-windows-x86_64 | 0.1 | 10.00 | 102.00 | 112.00 | NOTE |
Version: 0.1
Check: LazyData
Result: NOTE
'LazyData' is specified without a 'data' directory
Flavors: r-devel-linux-x86_64-debian-clang, r-devel-linux-x86_64-debian-gcc, r-devel-linux-x86_64-fedora-clang, r-devel-linux-x86_64-fedora-gcc, r-devel-windows-x86_64, r-patched-linux-x86_64, r-release-linux-x86_64, r-release-macos-arm64, r-release-macos-x86_64, r-release-windows-x86_64, r-oldrel-macos-arm64, r-oldrel-macos-x86_64, r-oldrel-windows-x86_64