Last updated on 2023-09-23 01:54:28 CEST.
Flavor | Version | Tinstall | Tcheck | Ttotal | Status | Flags |
---|---|---|---|---|---|---|
r-devel-linux-x86_64-debian-clang | 1.3.1 | 13.95 | 119.68 | 133.63 | OK | |
r-devel-linux-x86_64-debian-gcc | 1.3.1 | 10.22 | 89.60 | 99.82 | OK | |
r-devel-linux-x86_64-fedora-clang | 1.3.1 | 161.84 | NOTE | |||
r-devel-linux-x86_64-fedora-gcc | 1.3.1 | 163.19 | OK | |||
r-devel-windows-x86_64 | 1.3.1 | 12.00 | 329.00 | 341.00 | OK | |
r-patched-linux-x86_64 | 1.3.1 | 17.26 | 115.11 | 132.37 | OK | |
r-release-linux-x86_64 | 1.3.1 | 8.24 | 114.84 | 123.08 | OK | |
r-release-macos-arm64 | 1.3.1 | 48.00 | OK | |||
r-release-macos-x86_64 | 1.3.1 | 82.00 | NOTE | |||
r-release-windows-x86_64 | 1.3.1 | 16.00 | 120.00 | 136.00 | OK | |
r-oldrel-macos-arm64 | 1.3.1 | 81.00 | OK | |||
r-oldrel-macos-x86_64 | 1.3.1 | 145.00 | OK | |||
r-oldrel-windows-x86_64 | 1.3.1 | 15.00 | 354.00 | 369.00 | OK |
Version: 1.3.1
Check: Rd cross-references
Result: NOTE
Undeclared packages ‘fpc’, ‘clValid’, ‘clv’ in Rd xrefs
Flavor: r-devel-linux-x86_64-fedora-clang
Version: 1.3.1
Check: Rd cross-references
Result: NOTE
Package unavailable to check Rd xrefs: ‘fpc’
Flavor: r-release-macos-x86_64