CRAN Package Check Results for Package TSdisaggregation

Last updated on 2024-02-29 00:00:49 CET.

Flavor Version Tinstall Tcheck Ttotal Status Flags
r-devel-linux-x86_64-debian-clang 2.0.0 5.98 70.35 76.33 NOTE
r-devel-linux-x86_64-debian-gcc 2.0.0 6.68 54.06 60.74 NOTE
r-devel-linux-x86_64-fedora-clang 2.0.0 94.73 NOTE
r-devel-linux-x86_64-fedora-gcc 2.0.0 92.28 NOTE
r-devel-windows-x86_64 2.0.0 7.00 69.00 76.00 NOTE
r-patched-linux-x86_64 2.0.0 7.68 68.06 75.74 NOTE
r-release-linux-x86_64 2.0.0 5.73 69.09 74.82 NOTE
r-release-macos-arm64 2.0.0 30.00 NOTE
r-release-macos-x86_64 2.0.0 53.00 NOTE
r-release-windows-x86_64 2.0.0 9.00 157.00 166.00 NOTE
r-oldrel-macos-arm64 2.0.0 33.00 OK
r-oldrel-windows-x86_64 2.0.0 9.00 82.00 91.00 OK

Check Details

Version: 2.0.0
Check: Rd files
Result: NOTE checkRd: (-1) TempDisaggDGP.Rd:79: Escaped LaTeX specials: \& checkRd: (-1) disaggregate.Rd:56: Escaped LaTeX specials: \& Flavors: r-devel-linux-x86_64-debian-clang, r-devel-linux-x86_64-debian-gcc, r-devel-linux-x86_64-fedora-clang, r-devel-linux-x86_64-fedora-gcc, r-devel-windows-x86_64, r-patched-linux-x86_64, r-release-linux-x86_64, r-release-macos-arm64, r-release-macos-x86_64, r-release-windows-x86_64