Last updated on 2025-01-25 19:49:01 CET.
Flavor | Version | Tinstall | Tcheck | Ttotal | Status | Flags |
---|---|---|---|---|---|---|
r-devel-linux-x86_64-debian-clang | 1.5.10 | 26.92 | 134.09 | 161.01 | NOTE | |
r-devel-linux-x86_64-debian-gcc | 1.5.10 | 18.67 | 102.76 | 121.43 | NOTE | |
r-devel-linux-x86_64-fedora-clang | 1.5.10 | 271.79 | OK | |||
r-devel-linux-x86_64-fedora-gcc | 1.5.10 | 297.19 | OK | |||
r-devel-windows-x86_64 | 1.5.10 | 21.00 | 118.00 | 139.00 | NOTE | |
r-patched-linux-x86_64 | 1.5.10 | 31.08 | 126.36 | 157.44 | OK | |
r-release-linux-x86_64 | 1.5.10 | 22.49 | 127.01 | 149.50 | OK | |
r-release-macos-arm64 | 1.5.10 | 122.00 | OK | |||
r-release-macos-x86_64 | 1.5.10 | 134.00 | OK | |||
r-release-windows-x86_64 | 1.5.10 | 21.00 | 123.00 | 144.00 | OK | |
r-oldrel-macos-arm64 | 1.5.10 | 77.00 | OK | |||
r-oldrel-macos-x86_64 | 1.5.10 | 226.00 | OK | |||
r-oldrel-windows-x86_64 | 1.5.10 | 23.00 | 138.00 | 161.00 | OK |
Version: 1.5.10
Check: Rd cross-references
Result: NOTE
Found the following Rd file(s) with Rd \link{} targets missing package
anchors:
FULLoption.Rd: impute, local.trend, mannKen, seasonTrend, seaKen
Please provide package anchors for all Rd \link{} targets not in the
package itself and the base packages.
Flavors: r-devel-linux-x86_64-debian-clang, r-devel-linux-x86_64-debian-gcc, r-devel-windows-x86_64