Last updated on 2023-12-01 19:53:28 CET.
Flavor | Version | Tinstall | Tcheck | Ttotal | Status | Flags |
---|---|---|---|---|---|---|
r-devel-linux-x86_64-debian-clang | 2.2.1 | 9.26 | 110.82 | 120.08 | OK | |
r-devel-linux-x86_64-debian-gcc | 2.2.1 | 7.27 | 81.65 | 88.92 | OK | |
r-devel-linux-x86_64-fedora-clang | 2.2.1 | 145.41 | NOTE | |||
r-devel-linux-x86_64-fedora-gcc | 2.2.1 | 153.61 | OK | |||
r-devel-windows-x86_64 | 2.2.1 | 9.00 | 128.00 | 137.00 | NOTE | |
r-patched-linux-x86_64 | 2.2.1 | 13.89 | 107.89 | 121.78 | OK | |
r-release-linux-x86_64 | 2.2.1 | 9.38 | 108.91 | 118.29 | OK | |
r-release-macos-arm64 | 2.2.1 | 50.00 | NOTE | |||
r-release-macos-x86_64 | 2.2.1 | 110.00 | NOTE | |||
r-release-windows-x86_64 | 2.2.1 | 10.00 | 152.00 | 162.00 | NOTE | |
r-oldrel-macos-arm64 | 2.2.1 | 49.00 | NOTE | |||
r-oldrel-macos-x86_64 | 2.2.1 | 69.00 | NOTE | |||
r-oldrel-windows-x86_64 | 2.2.1 | 12.00 | 207.00 | 219.00 | NOTE |
Version: 2.2.1
Check: installed package size
Result: NOTE
installed size is 6.4Mb
sub-directories of 1Mb or more:
doc 5.3Mb
Flavors: r-devel-linux-x86_64-fedora-clang, r-devel-windows-x86_64, r-release-macos-arm64, r-release-macos-x86_64, r-release-windows-x86_64, r-oldrel-macos-arm64, r-oldrel-macos-x86_64, r-oldrel-windows-x86_64