CRAN Package Check Results for Package TestDesign

Last updated on 2022-01-25 04:00:20 CET.

Flavor Version Tinstall Tcheck Ttotal Status Flags
r-devel-linux-x86_64-debian-clang 1.2.6 94.28 235.47 329.75 NOTE
r-devel-linux-x86_64-debian-gcc 1.2.6 72.35 188.96 261.31 NOTE
r-devel-linux-x86_64-fedora-clang 1.2.6 427.38 NOTE
r-devel-linux-x86_64-fedora-gcc 1.2.6 431.01 NOTE
r-devel-windows-x86_64-new-UL 1.2.6 383.00 430.00 813.00 NOTE
r-devel-windows-x86_64-new-TK 1.2.6 NOTE
r-patched-linux-x86_64 1.2.6 91.17 238.93 330.10 NOTE
r-release-linux-x86_64 1.2.6 76.16 237.07 313.23 NOTE
r-release-macos-arm64 1.2.6 NOTE
r-release-macos-x86_64 1.2.6 NOTE
r-release-windows-ix86+x86_64 1.2.6 228.00 483.00 711.00 NOTE
r-oldrel-macos-x86_64 1.2.6 NOTE
r-oldrel-windows-ix86+x86_64 1.2.6 228.00 486.00 714.00 NOTE

Check Details

Version: 1.2.6
Check: package dependencies
Result: NOTE
    Package suggested but not available for checking: 'gurobi'
Flavors: r-devel-linux-x86_64-debian-clang, r-devel-linux-x86_64-debian-gcc, r-devel-linux-x86_64-fedora-clang, r-devel-linux-x86_64-fedora-gcc, r-devel-windows-x86_64-new-UL, r-devel-windows-x86_64-new-TK, r-patched-linux-x86_64, r-release-linux-x86_64, r-release-windows-ix86+x86_64, r-oldrel-windows-ix86+x86_64

Version: 1.2.6
Check: package dependencies
Result: NOTE
    Packages suggested but not available for checking: 'lpsymphony', 'gurobi'
Flavors: r-release-macos-arm64, r-release-macos-x86_64, r-oldrel-macos-x86_64

Version: 1.2.6
Check: installed package size
Result: NOTE
     installed size is 6.3Mb
     sub-directories of 1Mb or more:
     libs 4.4Mb
Flavors: r-release-macos-arm64, r-release-macos-x86_64, r-oldrel-macos-x86_64