CRAN Package Check Results for Package TestFunctions

Last updated on 2023-12-07 15:48:35 CET.

Flavor Version Tinstall Tcheck Ttotal Status Flags
r-devel-linux-x86_64-debian-clang 0.2.0 3.68 38.85 42.53 NOTE
r-devel-linux-x86_64-debian-gcc 0.2.0 2.46 29.00 31.46 NOTE
r-devel-linux-x86_64-fedora-clang 0.2.0 51.58 NOTE
r-devel-linux-x86_64-fedora-gcc 0.2.0 62.05 NOTE
r-devel-windows-x86_64 0.2.0 4.00 66.00 70.00 NOTE
r-patched-linux-x86_64 0.2.0 2.98 38.14 41.12 NOTE
r-release-linux-x86_64 0.2.0 3.40 36.73 40.13 NOTE
r-release-macos-arm64 0.2.0 25.00 NOTE
r-release-macos-x86_64 0.2.0 38.00 NOTE
r-release-windows-x86_64 0.2.0 5.00 60.00 65.00 NOTE
r-oldrel-macos-arm64 0.2.0 22.00 NOTE
r-oldrel-macos-x86_64 0.2.0 32.00 NOTE
r-oldrel-windows-x86_64 0.2.0 5.00 65.00 70.00 NOTE

Check Details

Version: 0.2.0
Check: LazyData
Result: NOTE 'LazyData' is specified without a 'data' directory Flavors: r-devel-linux-x86_64-debian-clang, r-devel-linux-x86_64-debian-gcc, r-devel-linux-x86_64-fedora-clang, r-devel-linux-x86_64-fedora-gcc, r-devel-windows-x86_64, r-patched-linux-x86_64, r-release-linux-x86_64, r-release-macos-arm64, r-release-macos-x86_64, r-release-windows-x86_64, r-oldrel-macos-arm64, r-oldrel-macos-x86_64, r-oldrel-windows-x86_64