CRAN Package Check Results for Package TopDom

Last updated on 2024-03-03 00:16:08 CET.

Flavor Version Tinstall Tcheck Ttotal Status Flags
r-devel-linux-x86_64-debian-clang 0.10.1 5.85 91.58 97.43 NOTE
r-devel-linux-x86_64-debian-gcc 0.10.1 5.88 68.37 74.25 NOTE
r-devel-linux-x86_64-fedora-clang 0.10.1 118.91 NOTE
r-devel-linux-x86_64-fedora-gcc 0.10.1 122.02 NOTE
r-devel-windows-x86_64 0.10.1 8.00 88.00 96.00 OK
r-patched-linux-x86_64 0.10.1 7.43 74.35 81.78 OK
r-release-linux-x86_64 0.10.1 7.06 78.72 85.78 OK
r-release-macos-arm64 0.10.1 41.00 OK
r-release-macos-x86_64 0.10.1 62.00 OK
r-release-windows-x86_64 0.10.1 10.00 109.00 119.00 OK
r-oldrel-macos-arm64 0.10.1 37.00 OK
r-oldrel-windows-x86_64 0.10.1 11.00 108.00 119.00 OK

Check Details

Version: 0.10.1
Check: Rd files
Result: NOTE checkRd: (-1) TopDom.Rd:21: Lost braces; missing escapes or markup? 21 | Recommended range is in {5, ..., 20}.} | ^ Flavors: r-devel-linux-x86_64-debian-clang, r-devel-linux-x86_64-debian-gcc, r-devel-linux-x86_64-fedora-clang, r-devel-linux-x86_64-fedora-gcc