Last updated on 2023-03-31 08:54:15 CEST.
Flavor | Version | Tinstall | Tcheck | Ttotal | Status | Flags |
---|---|---|---|---|---|---|
r-devel-linux-x86_64-debian-clang | 1.4.5 | 29.49 | 163.55 | 193.04 | NOTE | |
r-devel-linux-x86_64-debian-gcc | 1.4.5 | 26.00 | 128.03 | 154.03 | NOTE | |
r-devel-linux-x86_64-fedora-clang | 1.4.5 | 258.92 | NOTE | |||
r-devel-linux-x86_64-fedora-gcc | 1.4.5 | 273.64 | NOTE | |||
r-devel-windows-x86_64 | 1.4.5 | 73.00 | 254.00 | 327.00 | NOTE | |
r-patched-linux-x86_64 | 1.4.5 | 29.08 | 161.25 | 190.33 | NOTE | |
r-release-linux-x86_64 | 1.4.5 | 25.05 | 167.28 | 192.33 | OK | |
r-release-macos-arm64 | 1.4.5 | 54.00 | OK | |||
r-release-macos-x86_64 | 1.4.5 | 69.00 | OK | |||
r-release-windows-x86_64 | 1.4.5 | 62.00 | 343.00 | 405.00 | OK | |
r-oldrel-macos-arm64 | 1.4.5 | 70.00 | OK | |||
r-oldrel-macos-x86_64 | 1.4.5 | 94.00 | OK | |||
r-oldrel-windows-ix86+x86_64 | 1.4.5 | 81.00 | 255.00 | 336.00 | OK |
Version: 1.4.5
Check: C++ specification
Result: NOTE
Specified C++11: please drop specification unless essential
Flavors: r-devel-linux-x86_64-debian-clang, r-devel-linux-x86_64-debian-gcc, r-devel-linux-x86_64-fedora-clang, r-devel-linux-x86_64-fedora-gcc, r-devel-windows-x86_64, r-patched-linux-x86_64