Last updated on 2023-12-07 07:50:49 CET.
Flavor | Version | Tinstall | Tcheck | Ttotal | Status | Flags |
---|---|---|---|---|---|---|
r-devel-linux-x86_64-debian-clang | 1.0.0 | 12.85 | 85.89 | 98.74 | OK | |
r-devel-linux-x86_64-debian-gcc | 1.0.0 | 9.97 | 66.28 | 76.25 | OK | |
r-devel-linux-x86_64-fedora-clang | 1.0.0 | 124.31 | NOTE | |||
r-devel-linux-x86_64-fedora-gcc | 1.0.0 | 139.08 | NOTE | |||
r-devel-windows-x86_64 | 1.0.0 | 13.00 | 83.00 | 96.00 | OK | |
r-patched-linux-x86_64 | 1.0.0 | 11.65 | 84.34 | 95.99 | OK | |
r-release-linux-x86_64 | 1.0.0 | 11.50 | 84.79 | 96.29 | OK | |
r-release-macos-arm64 | 1.0.0 | 48.00 | OK | |||
r-release-macos-x86_64 | 1.0.0 | 74.00 | NOTE | |||
r-release-windows-x86_64 | 1.0.0 | 17.00 | 97.00 | 114.00 | OK | |
r-oldrel-macos-arm64 | 1.0.0 | 39.00 | NOTE | |||
r-oldrel-macos-x86_64 | 1.0.0 | 58.00 | NOTE | |||
r-oldrel-windows-x86_64 | 1.0.0 | 17.00 | 98.00 | 115.00 | OK |
Version: 1.0.0
Check: dependencies in R code
Result: NOTE
Namespaces in Imports field not imported from:
‘MASS’ ‘Matrix’
All declared Imports should be used.
Flavors: r-devel-linux-x86_64-fedora-clang, r-devel-linux-x86_64-fedora-gcc, r-oldrel-macos-arm64, r-oldrel-macos-x86_64
Version: 1.0.0
Check: installed package size
Result: NOTE
installed size is 5.1Mb
sub-directories of 1Mb or more:
data 5.0Mb
Flavor: r-release-macos-x86_64