CRAN Package Check Results for Package TreeDiagram

Last updated on 2024-05-18 12:50:25 CEST.

Flavor Version Tinstall Tcheck Ttotal Status Flags
r-devel-linux-x86_64-debian-clang 0.1.1 5.77 60.93 66.70 OK
r-devel-linux-x86_64-debian-gcc 0.1.1 4.95 45.61 50.56 OK
r-devel-linux-x86_64-fedora-clang 0.1.1 84.02 NOTE
r-devel-linux-x86_64-fedora-gcc 0.1.1 127.81 NOTE
r-devel-windows-x86_64 0.1.1 7.00 68.00 75.00 OK
r-patched-linux-x86_64 0.1.1 4.61 57.76 62.37 OK
r-release-linux-x86_64 0.1.1 4.06 58.12 62.18 OK
r-release-macos-arm64 0.1.1 30.00 OK
r-release-windows-x86_64 0.1.1 7.00 70.00 77.00 OK
r-oldrel-macos-arm64 0.1.1 27.00 OK
r-oldrel-macos-x86_64 0.1.1 42.00 OK
r-oldrel-windows-x86_64 0.1.1 9.00 82.00 91.00 OK

Check Details

Version: 0.1.1
Check: dependencies in R code
Result: NOTE Namespace in Imports field not imported from: ‘tree’ All declared Imports should be used. Flavors: r-devel-linux-x86_64-fedora-clang, r-devel-linux-x86_64-fedora-gcc