CRAN Package Check Results for Package TreePar

Last updated on 2018-07-20 16:52:31 CEST.

Flavor Version Tinstall Tcheck Ttotal Status Flags
r-devel-linux-x86_64-debian-clang 3.3 6.10 74.42 80.52 NOTE
r-devel-linux-x86_64-debian-gcc 3.3 6.95 59.65 66.60 NOTE
r-devel-linux-x86_64-fedora-clang 3.3 96.44 NOTE
r-devel-linux-x86_64-fedora-gcc 3.3 91.75 NOTE
r-devel-windows-ix86+x86_64 3.3 14.00 115.00 129.00 NOTE
r-patched-linux-x86_64 3.3 6.63 66.40 73.03 NOTE
r-patched-solaris-x86 3.3 128.70 NOTE
r-release-linux-x86_64 3.3 6.37 65.36 71.73 NOTE
r-release-windows-ix86+x86_64 3.3 18.00 71.00 89.00 NOTE
r-release-osx-x86_64 3.3 NOTE
r-oldrel-windows-ix86+x86_64 3.3 14.00 78.00 92.00 NOTE
r-oldrel-osx-x86_64 3.3 NOTE

Check Details

Version: 3.3
Check: R code for possible problems
Result: NOTE
    LikAge: no visible global function definition for ‘read.table’
    bd.ME.optim: no visible global function definition for ‘optim’
    bd.ME.optim.rho: no visible global function definition for ‘optim’
    bd.ME.optim.rho.all: no visible global function definition for ‘optim’
    bd.MEyule.optim: no visible global function definition for ‘optimize’
    bd.MEyule.optim: no visible global function definition for ‘optim’
    bd.age.optim.matlab: no visible global function definition for
     ‘read.table’
    bd.groups.conf: no visible global function definition for ‘uniroot’
    bd.shifts.plot: no visible global function definition for ‘plot’
    bd.shifts.plot: no visible global function definition for ‘lines’
    bdsky.stt.optim: no visible global function definition for ‘optim’
    create.mat: no visible global function definition for ‘write.table’
    Undefined global functions or variables:
     lines optim optimize plot read.table uniroot write.table
    Consider adding
     importFrom("graphics", "lines", "plot")
     importFrom("stats", "optim", "optimize", "uniroot")
     importFrom("utils", "read.table", "write.table")
    to your NAMESPACE file.
Flavors: r-devel-linux-x86_64-debian-clang, r-devel-linux-x86_64-debian-gcc, r-devel-linux-x86_64-fedora-clang, r-devel-linux-x86_64-fedora-gcc, r-devel-windows-ix86+x86_64, r-patched-linux-x86_64, r-patched-solaris-x86, r-release-linux-x86_64, r-release-windows-ix86+x86_64, r-release-osx-x86_64, r-oldrel-windows-ix86+x86_64, r-oldrel-osx-x86_64