Last updated on 2023-03-31 20:50:28 CEST.
Flavor | Version | Tinstall | Tcheck | Ttotal | Status | Flags |
---|---|---|---|---|---|---|
r-devel-linux-x86_64-debian-clang | 2.2.2 | 57.54 | 194.36 | 251.90 | NOTE | |
r-devel-linux-x86_64-debian-gcc | 2.2.2 | 38.30 | 147.39 | 185.69 | NOTE | |
r-devel-linux-x86_64-fedora-clang | 2.2.2 | 320.20 | NOTE | |||
r-devel-linux-x86_64-fedora-gcc | 2.2.2 | 330.22 | NOTE | |||
r-devel-windows-x86_64 | 2.2.2 | 120.00 | 276.00 | 396.00 | NOTE | |
r-patched-linux-x86_64 | 2.2.2 | 45.17 | 192.56 | 237.73 | NOTE | |
r-release-linux-x86_64 | 2.2.2 | 37.74 | 190.46 | 228.20 | OK | |
r-release-macos-arm64 | 2.2.2 | 136.00 | OK | |||
r-release-macos-x86_64 | 2.2.2 | 190.00 | OK | |||
r-release-windows-x86_64 | 2.2.2 | 114.00 | 305.00 | 419.00 | OK | |
r-oldrel-macos-arm64 | 2.2.2 | 163.00 | OK | |||
r-oldrel-macos-x86_64 | 2.2.2 | 186.00 | OK | |||
r-oldrel-windows-ix86+x86_64 | 2.2.2 | 120.00 | 305.00 | 425.00 | OK |
Version: 2.2.2
Check: C++ specification
Result: NOTE
Specified C++11: please drop specification unless essential
Flavors: r-devel-linux-x86_64-debian-clang, r-devel-linux-x86_64-debian-gcc, r-devel-linux-x86_64-fedora-clang, r-devel-linux-x86_64-fedora-gcc, r-devel-windows-x86_64, r-patched-linux-x86_64
Version: 2.2.2
Check: package subdirectories
Result: NOTE
Problems with news in ‘NEWS.md’:
Cannot extract version info from the following section titles:
Changes
Flavors: r-devel-linux-x86_64-debian-clang, r-devel-linux-x86_64-debian-gcc, r-devel-linux-x86_64-fedora-clang, r-devel-linux-x86_64-fedora-gcc, r-devel-windows-x86_64, r-patched-linux-x86_64