CRAN Package Check Results for Package UCSCXenaTools

Last updated on 2024-03-04 03:52:46 CET.

Flavor Version Tinstall Tcheck Ttotal Status Flags
r-devel-linux-x86_64-debian-clang 1.4.8 6.71 69.11 75.82 OK
r-devel-linux-x86_64-debian-gcc 1.4.8 5.56 53.46 59.02 OK
r-devel-linux-x86_64-fedora-clang 1.4.8 98.32 NOTE
r-devel-linux-x86_64-fedora-gcc 1.4.8 105.08 NOTE
r-devel-windows-x86_64 1.4.8 9.00 84.00 93.00 OK
r-patched-linux-x86_64 1.4.8 8.50 67.35 75.85 OK
r-release-linux-x86_64 1.4.8 5.82 67.74 73.56 OK
r-release-macos-arm64 1.4.8 68.00 OK
r-release-macos-x86_64 1.4.8 90.00 OK
r-release-windows-x86_64 1.4.8 13.00 116.00 129.00 OK
r-oldrel-macos-arm64 1.4.8 51.00 NOTE
r-oldrel-windows-x86_64 1.4.8 12.00 114.00 126.00 OK

Check Details

Version: 1.4.8
Check: data for non-ASCII characters
Result: NOTE Note: found 2 marked UTF-8 strings Flavors: r-devel-linux-x86_64-fedora-clang, r-devel-linux-x86_64-fedora-gcc, r-oldrel-macos-arm64