CRAN Package Check Results for Package UniprotR

Last updated on 2022-01-17 03:53:22 CET.

Flavor Version Tinstall Tcheck Ttotal Status Flags
r-devel-linux-x86_64-debian-clang 2.1.0 42.85 349.75 392.60 OK
r-devel-linux-x86_64-debian-gcc 2.1.0 39.94 285.85 325.79 OK
r-devel-linux-x86_64-fedora-clang 2.1.0 484.94 OK
r-devel-linux-x86_64-fedora-gcc 2.1.0 469.12 OK
r-devel-windows-x86_64-new-UL 2.1.0 106.00 368.00 474.00 OK
r-devel-windows-x86_64-new-TK 2.1.0 ERROR
r-patched-linux-x86_64 2.1.0 40.97 339.64 380.61 OK
r-release-linux-x86_64 2.1.0 OK
r-release-macos-arm64 2.1.0 OK
r-release-macos-x86_64 2.1.0 OK
r-release-windows-ix86+x86_64 2.1.0 87.00 381.00 468.00 OK
r-oldrel-macos-x86_64 2.1.0 OK
r-oldrel-windows-ix86+x86_64 2.1.0 96.00 390.00 486.00 OK

Check Details

Version: 2.1.0
Check: package dependencies
Result: ERROR
    Package required but not available: 'ggpubr'
    
    See section 'The DESCRIPTION file' in the 'Writing R Extensions'
    manual.
Flavor: r-devel-windows-x86_64-new-TK