CRAN Package Check Results for Package VARSELECTEXPOSURE

Last updated on 2023-03-21 03:55:04 CET.

Flavor Version Tinstall Tcheck Ttotal Status Flags
r-devel-linux-x86_64-debian-clang 1.0.1 OK
r-devel-linux-x86_64-debian-gcc 1.0.1 23.28 39.41 62.69 OK
r-devel-linux-x86_64-fedora-clang 1.0.1 114.30 NOTE
r-devel-linux-x86_64-fedora-gcc 1.0.1 108.86 NOTE
r-devel-windows-x86_64 1.0.1 41.00 106.00 147.00 OK
r-patched-linux-x86_64 1.0.1 25.06 51.00 76.06 OK
r-release-linux-x86_64 1.0.1 22.76 51.67 74.43 OK
r-release-macos-arm64 1.0.1 24.00 NOTE
r-release-macos-x86_64 1.0.1 42.00 NOTE
r-release-windows-x86_64 1.0.1 33.00 102.00 135.00 OK
r-oldrel-macos-arm64 1.0.1 24.00 NOTE
r-oldrel-macos-x86_64 1.0.1 47.00 NOTE
r-oldrel-windows-ix86+x86_64 1.0.1 73.00 130.00 203.00 OK

Check Details

Version: 1.0.1
Check: dependencies in R code
Result: NOTE
    Namespace in Imports field not imported from: ‘Rcpp’
     All declared Imports should be used.
Flavors: r-devel-linux-x86_64-fedora-clang, r-devel-linux-x86_64-fedora-gcc, r-release-macos-arm64, r-release-macos-x86_64, r-oldrel-macos-arm64, r-oldrel-macos-x86_64