CRAN Package Check Results for Package VIM

Last updated on 2021-09-17 16:50:29 CEST.

Flavor Version Tinstall Tcheck Ttotal Status Flags
r-devel-linux-x86_64-debian-clang 6.1.1 41.33 201.75 243.08 OK
r-devel-linux-x86_64-debian-gcc 6.1.1 29.26 147.68 176.94 OK
r-devel-linux-x86_64-fedora-clang 6.1.1 303.95 NOTE
r-devel-linux-x86_64-fedora-gcc 6.1.1 283.12 NOTE
r-devel-windows-x86_64 6.1.1 39.00 221.00 260.00 NOTE
r-devel-windows-x86_64-gcc10-UCRT 6.1.1 NOTE
r-patched-linux-x86_64 6.1.1 40.00 202.43 242.43 OK
r-patched-solaris-x86 6.1.1 361.50 NOTE
r-release-linux-x86_64 6.1.1 35.76 203.50 239.26 OK
r-release-macos-arm64 6.1.1 NOTE
r-release-macos-x86_64 6.1.1 NOTE
r-release-windows-ix86+x86_64 6.1.1 87.00 348.00 435.00 NOTE
r-oldrel-macos-x86_64 6.1.1 NOTE
r-oldrel-windows-ix86+x86_64 6.1.1 83.00 366.00 449.00 NOTE

Check Details

Version: 6.1.1
Check: installed package size
Result: NOTE
     installed size is 5.3Mb
     sub-directories of 1Mb or more:
     doc 3.1Mb
Flavors: r-devel-linux-x86_64-fedora-clang, r-devel-windows-x86_64, r-patched-solaris-x86, r-release-macos-arm64, r-release-macos-x86_64, r-release-windows-ix86+x86_64, r-oldrel-macos-x86_64, r-oldrel-windows-ix86+x86_64

Version: 6.1.1
Check: dependencies in R code
Result: NOTE
    Namespace in Imports field not imported from: ‘magrittr’
     All declared Imports should be used.
Flavors: r-devel-linux-x86_64-fedora-clang, r-devel-linux-x86_64-fedora-gcc, r-devel-windows-x86_64-gcc10-UCRT, r-patched-solaris-x86, r-release-macos-arm64, r-release-macos-x86_64, r-oldrel-macos-x86_64

Version: 6.1.1
Check: Rd cross-references
Result: NOTE
    Undeclared package ‘mi’ in Rd xrefs
Flavor: r-devel-linux-x86_64-fedora-clang

Version: 6.1.1
Check: data for non-ASCII characters
Result: NOTE
     Note: found 2754 marked UTF-8 strings
Flavors: r-devel-linux-x86_64-fedora-clang, r-devel-linux-x86_64-fedora-gcc, r-devel-windows-x86_64-gcc10-UCRT, r-patched-solaris-x86, r-release-macos-arm64, r-release-macos-x86_64, r-oldrel-macos-x86_64