Last updated on 2023-09-27 21:01:38 CEST.
Flavor | Version | Tinstall | Tcheck | Ttotal | Status | Flags |
---|---|---|---|---|---|---|
r-devel-linux-x86_64-debian-clang | 0.1.0 | 14.99 | 133.59 | 148.58 | NOTE | |
r-devel-linux-x86_64-debian-gcc | 0.1.0 | 13.37 | 102.25 | 115.62 | NOTE | |
r-devel-linux-x86_64-fedora-clang | 0.1.0 | 180.80 | NOTE | |||
r-devel-linux-x86_64-fedora-gcc | 0.1.0 | 194.51 | NOTE | |||
r-devel-windows-x86_64 | 0.1.0 | 16.00 | 108.00 | 124.00 | NOTE | |
r-patched-linux-x86_64 | 0.1.0 | 16.29 | 129.77 | 146.06 | NOTE | |
r-release-linux-x86_64 | 0.1.0 | 13.59 | 131.80 | 145.39 | NOTE | |
r-release-macos-arm64 | 0.1.0 | 58.00 | NOTE | |||
r-release-macos-x86_64 | 0.1.0 | 98.00 | NOTE | |||
r-release-windows-x86_64 | 0.1.0 | 20.00 | 133.00 | 153.00 | NOTE | |
r-oldrel-macos-arm64 | 0.1.0 | 52.00 | NOTE | |||
r-oldrel-macos-x86_64 | 0.1.0 | 90.00 | NOTE | |||
r-oldrel-windows-x86_64 | 0.1.0 | 20.00 | 138.00 | 158.00 | NOTE |
Version: 0.1.0
Check: LazyData
Result: NOTE
'LazyData' is specified without a 'data' directory
Flavors: r-devel-linux-x86_64-debian-clang, r-devel-linux-x86_64-debian-gcc, r-devel-linux-x86_64-fedora-clang, r-devel-linux-x86_64-fedora-gcc, r-devel-windows-x86_64, r-patched-linux-x86_64, r-release-linux-x86_64, r-release-macos-arm64, r-release-macos-x86_64, r-release-windows-x86_64, r-oldrel-macos-arm64, r-oldrel-macos-x86_64, r-oldrel-windows-x86_64