Last updated on 2023-05-28 04:56:30 CEST.
Flavor | Version | Tinstall | Tcheck | Ttotal | Status | Flags |
---|---|---|---|---|---|---|
r-devel-linux-x86_64-debian-clang | 1.0.0 | 12.58 | 109.62 | 122.20 | NOTE | |
r-devel-linux-x86_64-debian-gcc | 1.0.0 | 10.00 | 83.28 | 93.28 | NOTE | |
r-devel-linux-x86_64-fedora-clang | 1.0.0 | 152.49 | NOTE | |||
r-devel-linux-x86_64-fedora-gcc | 1.0.0 | 171.52 | NOTE | |||
r-devel-windows-x86_64 | 1.0.0 | 12.00 | 99.00 | 111.00 | NOTE | |
r-patched-linux-x86_64 | 1.0.0 | 9.90 | 103.72 | 113.62 | NOTE | |
r-release-linux-x86_64 | 1.0.0 | 12.07 | 103.34 | 115.41 | NOTE | |
r-release-macos-arm64 | 1.0.0 | 47.00 | NOTE | |||
r-release-macos-x86_64 | 1.0.0 | 75.00 | NOTE | |||
r-release-windows-x86_64 | 1.0.0 | 16.00 | 119.00 | 135.00 | NOTE | |
r-oldrel-macos-arm64 | 1.0.0 | 43.00 | NOTE | |||
r-oldrel-macos-x86_64 | 1.0.0 | 81.00 | NOTE | |||
r-oldrel-windows-x86_64 | 1.0.0 | 15.00 | 120.00 | 135.00 | OK |
Version: 1.0.0
Check: Rd files
Result: NOTE
checkRd: (-1) ex121.Rd:18: Escaped LaTeX specials: \&
checkRd: (-1) ex124.Rd:18: Escaped LaTeX specials: \&
checkRd: (-1) ex125.Rd:18: Escaped LaTeX specials: \&
checkRd: (-1) ex127.Rd:18: Escaped LaTeX specials: \&
checkRd: (-1) ex32.Rd:18: Escaped LaTeX specials: \&
checkRd: (-1) ex33.Rd:18: Escaped LaTeX specials: \&
Flavors: r-devel-linux-x86_64-debian-clang, r-devel-linux-x86_64-debian-gcc, r-devel-linux-x86_64-fedora-clang, r-devel-linux-x86_64-fedora-gcc, r-devel-windows-x86_64, r-patched-linux-x86_64, r-release-linux-x86_64, r-release-macos-arm64, r-release-macos-x86_64, r-release-windows-x86_64
Version: 1.0.0
Check: dependencies in R code
Result: NOTE
Namespace in Imports field not imported from: ‘nlme’
All declared Imports should be used.
Flavors: r-devel-linux-x86_64-fedora-clang, r-devel-linux-x86_64-fedora-gcc, r-oldrel-macos-arm64, r-oldrel-macos-x86_64